114.119.134.1 - - [19/Oct/2022:23:54:14 -0700] "GET /buying-guide?C=M%3BO%3DA HTTP/1.1" 301 1428 "http://site.kooldawgtees.com/buying-guide?C=D%3BO%3DA" "Mozilla/5.0 (compatible;PetalBot;+https://webmaster.petalsearch.com/site/petalbot)" "site.kooldawgtees.com"
114.119.134.1 - - [19/Oct/2022:23:54:14 -0700] "GET /buying-guide/?C=M%3BO%3DA HTTP/1.1" 200 316 "http://site.kooldawgtees.com/buying-guide?C=D%3BO%3DA" "Mozilla/5.0 (compatible;PetalBot;+https://webmaster.petalsearch.com/site/petalbot)" "site.kooldawgtees.com"
150.109.14.250 - - [20/Oct/2022:00:00:21 -0700] "GET /yswimages/pecczw530.jpg HTTP/1.1" 200 11593 "-" "Mozilla/5.0 (Macintoosh; Intel Mac OS X 10_14_68) AppleWebKit/538.36 (KHTML, like Gecko) Chrome/76.0.3904.97 Safari/537.36" "site.kooldawgtees.com"
114.119.133.85 - - [20/Oct/2022:00:06:29 -0700] "GET /scripts/?C=D%3BO%3DA HTTP/1.1" 200 382 "http://site.kooldawgtees.com/scripts?C=N%3BO%3DD" "Mozilla/5.0 (compatible;PetalBot;+https://webmaster.petalsearch.com/site/petalbot)" "site.kooldawgtees.com"
114.119.134.1 - - [20/Oct/2022:00:08:35 -0700] "GET /clipart/lines?C=M%3BO%3DA HTTP/1.1" 301 1428 "http://site.kooldawgtees.com/clipart/lines?C=N%3BO%3DD" "Mozilla/5.0 (compatible;PetalBot;+https://webmaster.petalsearch.com/site/petalbot)" "site.kooldawgtees.com"
114.119.134.1 - - [20/Oct/2022:00:08:36 -0700] "GET /clipart/lines/?C=M%3BO%3DA HTTP/1.1" 200 391 "http://site.kooldawgtees.com/clipart/lines?C=N%3BO%3DD" "Mozilla/5.0 (compatible;PetalBot;+https://webmaster.petalsearch.com/site/petalbot)" "site.kooldawgtees.com"
43.134.85.209 - - [20/Oct/2022:00:25:42 -0700] "GET /yswimages/highlands-bed.jpg HTTP/1.1" 200 100692 "-" "Mozilla/5.0 (Macintoosh; Intel Mac OS X 10_14_68) AppleWebKit/538.36 (KHTML, like Gecko) Chrome/76.0.3904.97 Safari/537.36" "site.kooldawgtees.com"
114.119.133.89 - - [20/Oct/2022:00:37:18 -0700] "GET /clipart/bullets/numbers HTTP/1.1" 301 1420 "http://site.kooldawgtees.com/clipart/bullets" "Mozilla/5.0 (compatible;PetalBot;+https://webmaster.petalsearch.com/site/petalbot)" "site.kooldawgtees.com"
114.119.133.89 - - [20/Oct/2022:00:37:18 -0700] "GET /clipart/bullets/numbers/ HTTP/1.1" 200 489 "http://site.kooldawgtees.com/clipart/bullets" "Mozilla/5.0 (compatible;PetalBot;+https://webmaster.petalsearch.com/site/petalbot)" "site.kooldawgtees.com"
87.250.224.110 - - [20/Oct/2022:00:37:56 -0700] "GET /robots.txt HTTP/1.1" 200 43 "-" "Mozilla/5.0 (compatible; YandexBot/3.0; +http://yandex.com/bots)" "site.kooldawgtees.com"
213.180.203.88 - - [20/Oct/2022:00:37:59 -0700] "GET /yswimages/?C=M;O=A HTTP/1.1" 200 12144 "-" "Mozilla/5.0 (compatible; YandexBot/3.0; +http://yandex.com/bots)" "site.kooldawgtees.com"
43.134.78.120 - - [20/Oct/2022:00:54:34 -0700] "GET /yswimages/dog-clothes-monkey-business-dog-sweaters.jpg HTTP/1.1" 200 47345 "-" "Mozilla/5.0 (Macintoosh; Intel Mac OS X 10_14_68) AppleWebKit/538.36 (KHTML, like Gecko) Chrome/76.0.3904.97 Safari/537.36" "site.kooldawgtees.com"
134.160.184.6 - - [20/Oct/2022:01:52:39 -0700] "GET /yswimages/doggles-bckpks.jpg HTTP/1.1" 200 11879 "-" "Mozilla/5.0 (X11; Ubuntu; Linux x86_64; rv:72.0) Gecko/20100101 Firefox/72.0" "site.kooldawgtees.com"
165.132.148.125 - - [20/Oct/2022:01:56:51 -0700] "GET /yswimages/dog-clothes-ty-monkey-business-dog-jackets.jpg HTTP/1.1" 200 59018 "-" "Mozilla/5.0 (X11; Ubuntu; Linux x86_64; rv:72.0) Gecko/20100101 Firefox/72.0" "site.kooldawgtees.com"
134.160.184.6 - - [20/Oct/2022:01:58:16 -0700] "GET /yswimages/pecczw260.jpg HTTP/1.1" 200 9032 "-" "Mozilla/5.0 (X11; Ubuntu; Linux x86_64; rv:72.0) Gecko/20100101 Firefox/72.0" "site.kooldawgtees.com"
119.8.243.204 - - [20/Oct/2022:02:09:15 -0700] "GET /yswimages/mlbdjcoloradorockies1437.jpg HTTP/1.1" 200 33579 "-" "Mozilla/5.0 (X11; Ubuntu; Linux x86_64; rv:72.0) Gecko/20100101 Firefox/72.0" "site.kooldawgtees.com"
119.8.243.204 - - [20/Oct/2022:02:29:36 -0700] "GET /yswimages/dog-clothes-monkey-business-dog-hoodie.jpg HTTP/1.1" 200 58741 "-" "Mozilla/5.0 (X11; Ubuntu; Linux x86_64; rv:72.0) Gecko/20100101 Firefox/72.0" "site.kooldawgtees.com"
87.250.224.196 - - [20/Oct/2022:02:35:10 -0700] "GET /robots.txt HTTP/1.1" 200 43 "-" "Mozilla/5.0 (compatible; YandexBot/3.0; +http://yandex.com/bots)" "site.kooldawgtees.com"
87.250.224.110 - - [20/Oct/2022:02:35:14 -0700] "GET /images/Spicy_Girl_Rhinestone_Dog_Tee_.jpg HTTP/1.1" 200 118970 "-" "Mozilla/5.0 (compatible; YandexImages/3.0; +http://yandex.com/bots)" "site.kooldawgtees.com"
114.119.134.116 - - [20/Oct/2022:02:36:28 -0700] "GET /clipart/buttons/paypal?C=M%3BO%3DA HTTP/1.1" 301 1436 "http://site.kooldawgtees.com/clipart/buttons/paypal?C=D%3BO%3DA" "Mozilla/5.0 (compatible;PetalBot;+https://webmaster.petalsearch.com/site/petalbot)" "site.kooldawgtees.com"
114.119.134.116 - - [20/Oct/2022:02:36:29 -0700] "GET /clipart/buttons/paypal/?C=M%3BO%3DA HTTP/1.1" 200 367 "http://site.kooldawgtees.com/clipart/buttons/paypal?C=D%3BO%3DA" "Mozilla/5.0 (compatible;PetalBot;+https://webmaster.petalsearch.com/site/petalbot)" "site.kooldawgtees.com"
20.171.43.136 - - [20/Oct/2022:02:41:59 -0700] "GET /yswimages/pecczw187.jpg HTTP/1.1" 200 72899 "-" "Mozilla/5.0 (Macintosh; U; Intel Mac OS X 10_6_1; en-US) AppleWebKit/534.3 (KHTML, like Gecko) Chrome/6.0.472.63 Safari/534.3" "site.kooldawgtees.com"
87.250.224.110 - - [20/Oct/2022:03:50:35 -0700] "GET /robots.txt HTTP/1.1" 200 43 "-" "Mozilla/5.0 (compatible; YandexBot/3.0; +http://yandex.com/bots)" "site.kooldawgtees.com"
213.180.203.88 - - [20/Oct/2022:03:50:39 -0700] "GET /images/?C=N;O=D HTTP/1.1" 200 64149 "-" "Mozilla/5.0 (compatible; YandexBot/3.0; +http://yandex.com/bots)" "site.kooldawgtees.com"
87.250.224.33 - - [20/Oct/2022:04:11:43 -0700] "GET /yswimages/nfldj323.jpg HTTP/1.1" 200 50537 "-" "Mozilla/5.0 (compatible; YandexImages/3.0; +http://yandex.com/bots)" "site.kooldawgtees.com"
216.244.66.234 - - [20/Oct/2022:04:16:32 -0700] "GET /robots.txt HTTP/1.1" 200 43 "-" "Mozilla/5.0 (compatible; DotBot/1.2; +https://opensiteexplorer.org/dotbot; help@moz.com)" "site.kooldawgtees.com"
134.160.184.6 - - [20/Oct/2022:05:15:03 -0700] "GET /yswimages/bfasqsc.jpg HTTP/1.1" 200 15719 "-" "Mozilla/5.0 (X11; Ubuntu; Linux x86_64; rv:72.0) Gecko/20100101 Firefox/72.0" "site.kooldawgtees.com"
112.95.163.87 - - [20/Oct/2022:05:33:24 -0700] "GET /yswimages/pecczw275.jpg HTTP/1.1" 200 18474 "-" "Mozilla/5.0 (X11; Ubuntu; Linux x86_64; rv:72.0) Gecko/20100101 Firefox/72.0" "site.kooldawgtees.com"
216.244.66.234 - - [20/Oct/2022:06:01:10 -0700] "GET /robots.txt HTTP/1.1" 200 43 "-" "Mozilla/5.0 (compatible; DotBot/1.2; +https://opensiteexplorer.org/dotbot; help@moz.com)" "site.kooldawgtees.com"
134.160.184.6 - - [20/Oct/2022:06:11:20 -0700] "GET /yswimages/pecczw187.jpg HTTP/1.1" 200 72899 "-" "Mozilla/5.0 (X11; Ubuntu; Linux x86_64; rv:72.0) Gecko/20100101 Firefox/72.0" "site.kooldawgtees.com"
43.152.67.140 - - [20/Oct/2022:07:08:22 -0700] "GET /yswimages/mlbdjcubs1433.jpg HTTP/1.1" 200 41453 "-" "Mozilla/5.0 (Macintoosh; Intel Mac OS X 10_14_68) AppleWebKit/538.36 (KHTML, like Gecko) Chrome/76.0.3904.97 Safari/537.36" "site.kooldawgtees.com"
20.171.43.136 - - [20/Oct/2022:07:41:37 -0700] "GET /yswimages/thundershirt-blue-polo.jpg HTTP/1.1" 200 133687 "-" "Mozilla/5.0 (Macintosh; U; Intel Mac OS X 10_5_7; en-us) AppleWebKit/531.2+ (KHTML, like Gecko) Version/4.0.1 Safari/530.18" "site.kooldawgtees.com"
114.119.141.42 - - [20/Oct/2022:08:08:41 -0700] "GET /robots.txt HTTP/1.1" 200 59 "-" "Mozilla/5.0 (compatible;PetalBot;+https://webmaster.petalsearch.com/site/petalbot)" "site.kooldawgtees.com"
114.119.133.85 - - [20/Oct/2022:09:01:59 -0700] "GET /clipart/images/frames?C=D%3BO%3DA HTTP/1.1" 301 1433 "http://site.kooldawgtees.com/clipart/images/frames?C=S%3BO%3DA" "Mozilla/5.0 (compatible;PetalBot;+https://webmaster.petalsearch.com/site/petalbot)" "site.kooldawgtees.com"
114.119.133.85 - - [20/Oct/2022:09:01:59 -0700] "GET /clipart/images/frames/?C=D%3BO%3DA HTTP/1.1" 200 325 "http://site.kooldawgtees.com/clipart/images/frames?C=S%3BO%3DA" "Mozilla/5.0 (compatible;PetalBot;+https://webmaster.petalsearch.com/site/petalbot)" "site.kooldawgtees.com"
131.227.94.22 - - [20/Oct/2022:10:42:01 -0700] "GET /yswimages/thundershirt-gray.jpg HTTP/1.1" 200 50954 "-" "Mozilla/5.0 (X11; Ubuntu; Linux x86_64; rv:72.0) Gecko/20100101 Firefox/72.0" "site.kooldawgtees.com"
116.179.33.83 - - [20/Oct/2022:10:57:44 -0700] "GET /yswimages/thundershirt-blue-polo.jpg HTTP/1.1" 200 133687 "-" "Mozilla/5.0 (X11; Ubuntu; Linux x86_64; rv:72.0) Gecko/20100101 Firefox/72.0" "site.kooldawgtees.com"
106.39.217.150 - - [20/Oct/2022:11:04:30 -0700] "GET /yswimages/dogglesk9optix.jpg HTTP/1.1" 200 7528 "-" "Mozilla/5.0 (X11; Ubuntu; Linux x86_64; rv:72.0) Gecko/20100101 Firefox/72.0" "site.kooldawgtees.com"
114.119.133.98 - - [20/Oct/2022:11:06:08 -0700] "GET /clipart/buttons/store/?C=N%3BO%3DD HTTP/1.1" 200 372 "http://site.kooldawgtees.com/clipart/buttons/store?C=M%3BO%3DA" "Mozilla/5.0 (compatible;PetalBot;+https://webmaster.petalsearch.com/site/petalbot)" "site.kooldawgtees.com"
114.119.133.87 - - [20/Oct/2022:11:09:57 -0700] "GET /ssl HTTP/1.1" 302 1421 "http://site.kooldawgtees.com/?C=M%3BO%3DA" "Mozilla/5.0 (compatible;PetalBot;+https://webmaster.petalsearch.com/site/petalbot)" "site.kooldawgtees.com"
119.8.243.204 - - [20/Oct/2022:11:46:35 -0700] "GET /yswimages/pecczw276.jpg HTTP/1.1" 200 54132 "-" "Mozilla/5.0 (X11; Ubuntu; Linux x86_64; rv:72.0) Gecko/20100101 Firefox/72.0" "site.kooldawgtees.com"
114.119.133.98 - - [20/Oct/2022:12:05:02 -0700] "GET /yswimages/?C=S%3BO%3DA HTTP/1.1" 200 12010 "http://site.kooldawgtees.com/yswimages?C=S%3BO%3DA" "Mozilla/5.0 (compatible;PetalBot;+https://webmaster.petalsearch.com/site/petalbot)" "site.kooldawgtees.com"
114.119.133.98 - - [20/Oct/2022:12:32:21 -0700] "GET /clipart/lines?C=D%3BO%3DA HTTP/1.1" 301 1428 "http://site.kooldawgtees.com/clipart/lines?C=M%3BO%3DA" "Mozilla/5.0 (compatible;PetalBot;+https://webmaster.petalsearch.com/site/petalbot)" "site.kooldawgtees.com"
114.119.133.98 - - [20/Oct/2022:12:32:23 -0700] "GET /clipart/lines/?C=D%3BO%3DA HTTP/1.1" 200 391 "http://site.kooldawgtees.com/clipart/lines?C=M%3BO%3DA" "Mozilla/5.0 (compatible;PetalBot;+https://webmaster.petalsearch.com/site/petalbot)" "site.kooldawgtees.com"
106.39.217.150 - - [20/Oct/2022:12:47:23 -0700] "GET /yswimages/doggles-bckpks.jpg HTTP/1.1" 200 11879 "-" "Mozilla/5.0 (X11; Ubuntu; Linux x86_64; rv:72.0) Gecko/20100101 Firefox/72.0" "site.kooldawgtees.com"
114.119.133.98 - - [20/Oct/2022:12:55:37 -0700] "GET /site_map2009?C=D%3BO%3DA HTTP/1.1" 301 1430 "-" "Mozilla/5.0 (compatible;PetalBot;+https://webmaster.petalsearch.com/site/petalbot)" "site.kooldawgtees.com"
114.119.133.98 - - [20/Oct/2022:12:55:37 -0700] "GET /site_map2009/?C=D%3BO%3DA HTTP/1.1" 200 318 "-" "Mozilla/5.0 (compatible;PetalBot;+https://webmaster.petalsearch.com/site/petalbot)" "site.kooldawgtees.com"
119.8.242.45 - - [20/Oct/2022:13:40:50 -0700] "GET /yswimages/dog-clothes-ty-monkey-business-dog-jackets.jpg HTTP/1.1" 200 59018 "-" "Mozilla/5.0 (Windows x86; rv:19.0) Gecko/20100101 Firefox/19.0" "site.kooldawgtees.com"
192.99.37.116 - - [20/Oct/2022:14:32:39 -0700] "GET /robots.txt HTTP/1.1" 200 43 "-" "Mozilla/5.0 (compatible; MJ12bot/v1.4.8; http://mj12bot.com/)" "site.kooldawgtees.com"
192.99.37.116 - - [20/Oct/2022:14:32:41 -0700] "GET /sitebuilder/kooldawgtees_catalog.xml HTTP/1.1" 200 110916 "-" "Mozilla/5.0 (compatible; MJ12bot/v1.4.8; http://mj12bot.com/)" "site.kooldawgtees.com"
114.119.133.85 - - [20/Oct/2022:15:02:56 -0700] "GET /dickies-medical-uniforms/sitebuilder?C=D%3BO%3DA HTTP/1.1" 301 1443 "http://site.kooldawgtees.com/dickies-medical-uniforms/sitebuilder?C=S%3BO%3DA" "Mozilla/5.0 (compatible;PetalBot;+https://webmaster.petalsearch.com/site/petalbot)" "site.kooldawgtees.com"
114.119.133.85 - - [20/Oct/2022:15:02:56 -0700] "GET /dickies-medical-uniforms/sitebuilder/?C=D%3BO%3DA HTTP/1.1" 200 402 "http://site.kooldawgtees.com/dickies-medical-uniforms/sitebuilder?C=S%3BO%3DA" "Mozilla/5.0 (compatible;PetalBot;+https://webmaster.petalsearch.com/site/petalbot)" "site.kooldawgtees.com"
95.108.213.57 - - [20/Oct/2022:18:19:06 -0700] "GET /robots.txt HTTP/1.1" 200 43 "-" "Mozilla/5.0 (compatible; YandexBot/3.0; +http://yandex.com/bots)" "site.kooldawgtees.com"
87.250.224.21 - - [20/Oct/2022:18:19:08 -0700] "GET /images/FidoFashPCoatOnTerrierLR.jpg HTTP/1.1" 200 58659 "-" "Mozilla/5.0 (compatible; YandexImages/3.0; +http://yandex.com/bots)" "site.kooldawgtees.com"
119.8.106.108 - - [20/Oct/2022:18:19:24 -0700] "GET /yswimages/pecczw530.jpg HTTP/1.1" 200 11593 "-" "Mozilla/5.0 (Windows NT 10.0; Win64; x64) AppleWebKit/537.36 (KHTML, like Gecko) Chrome/54.0.2840.99 Safari/537.36" "site.kooldawgtees.com"
114.119.133.98 - - [20/Oct/2022:18:34:22 -0700] "GET /?C=N%3BO%3DD HTTP/1.1" 200 833 "http://site.kooldawgtees.com?C=N%3BO%3DD" "Mozilla/5.0 (compatible;PetalBot;+https://webmaster.petalsearch.com/site/petalbot)" "site.kooldawgtees.com"
119.8.242.45 - - [20/Oct/2022:18:35:27 -0700] "GET /yswimages/dog-clothes-monkey-business-dog-sweaters.jpg HTTP/1.1" 200 47345 "-" "Mozilla/5.0 (Macintosh; Intel Mac OS X 10_10_1) AppleWebKit/537.36 (KHTML, like Gecko) Chrome/41.0.2227.1 Safari/537.36" "site.kooldawgtees.com"
119.8.242.45 - - [20/Oct/2022:18:37:09 -0700] "GET /yswimages/dog-clothes-monkey-business-dog-sweaters.jpg HTTP/1.1" 200 47345 "-" "Mozilla/5.0 (Windows NT 5.1; rv:21.0) Gecko/20130401 Firefox/21.0" "site.kooldawgtees.com"
114.119.133.89 - - [20/Oct/2022:18:47:52 -0700] "GET /directory?C=D%3BO%3DA HTTP/1.1" 301 1426 "http://site.kooldawgtees.com/directory?C=S%3BO%3DA" "Mozilla/5.0 (compatible;PetalBot;+https://webmaster.petalsearch.com/site/petalbot)" "site.kooldawgtees.com"
114.119.133.89 - - [20/Oct/2022:18:47:53 -0700] "GET /directory/?C=D%3BO%3DA HTTP/1.1" 200 311 "http://site.kooldawgtees.com/directory?C=S%3BO%3DA" "Mozilla/5.0 (compatible;PetalBot;+https://webmaster.petalsearch.com/site/petalbot)" "site.kooldawgtees.com"
114.119.133.98 - - [20/Oct/2022:18:50:09 -0700] "GET /clipart/buttons/themes/gray?C=M%3BO%3DA HTTP/1.1" 301 1440 "http://site.kooldawgtees.com/clipart/buttons/themes/gray?C=N%3BO%3DD" "Mozilla/5.0 (compatible;PetalBot;+https://webmaster.petalsearch.com/site/petalbot)" "site.kooldawgtees.com"
114.119.133.98 - - [20/Oct/2022:18:50:27 -0700] "GET /clipart/buttons/themes/gray/?C=M%3BO%3DA HTTP/1.1" 200 411 "http://site.kooldawgtees.com/clipart/buttons/themes/gray?C=N%3BO%3DD" "Mozilla/5.0 (compatible;PetalBot;+https://webmaster.petalsearch.com/site/petalbot)" "site.kooldawgtees.com"
114.119.133.87 - - [20/Oct/2022:18:51:32 -0700] "GET /clipart/images/sidebars/?C=D%3BO%3DA HTTP/1.1" 200 600 "http://site.kooldawgtees.com/clipart/images/sidebars?C=D%3BO%3DA" "Mozilla/5.0 (compatible;PetalBot;+https://webmaster.petalsearch.com/site/petalbot)" "site.kooldawgtees.com"
114.119.133.87 - - [20/Oct/2022:18:56:37 -0700] "GET /clipart/buttons/themes/gray/ HTTP/1.1" 200 411 "http://site.kooldawgtees.com/clipart/buttons/themes/?C=N%3BO%3DD" "Mozilla/5.0 (compatible;PetalBot;+https://webmaster.petalsearch.com/site/petalbot)" "site.kooldawgtees.com"
114.119.133.85 - - [20/Oct/2022:19:38:33 -0700] "GET /clipart/buttons/themes/bubble HTTP/1.1" 301 1426 "http://site.kooldawgtees.com/clipart/buttons/themes?C=N%3BO%3DD" "Mozilla/5.0 (compatible;PetalBot;+https://webmaster.petalsearch.com/site/petalbot)" "site.kooldawgtees.com"
114.119.133.85 - - [20/Oct/2022:19:38:39 -0700] "GET /clipart/buttons/themes/bubble/ HTTP/1.1" 200 381 "http://site.kooldawgtees.com/clipart/buttons/themes?C=N%3BO%3DD" "Mozilla/5.0 (compatible;PetalBot;+https://webmaster.petalsearch.com/site/petalbot)" "site.kooldawgtees.com"
114.119.133.89 - - [20/Oct/2022:19:40:11 -0700] "GET /navigation_bars HTTP/1.1" 301 1417 "http://site.kooldawgtees.com/?C=M%3BO%3DA" "Mozilla/5.0 (compatible;PetalBot;+https://webmaster.petalsearch.com/site/petalbot)" "site.kooldawgtees.com"
114.119.133.89 - - [20/Oct/2022:19:40:11 -0700] "GET /navigation_bars/ HTTP/1.1" 200 678 "http://site.kooldawgtees.com/?C=M%3BO%3DA" "Mozilla/5.0 (compatible;PetalBot;+https://webmaster.petalsearch.com/site/petalbot)" "site.kooldawgtees.com"
114.119.133.87 - - [20/Oct/2022:19:43:49 -0700] "GET /navigation_bars/penpage.nav HTTP/1.1" 200 2337 "-" "Mozilla/5.0 (compatible;PetalBot;+https://webmaster.petalsearch.com/site/petalbot)" "site.kooldawgtees.com"
114.119.133.98 - - [20/Oct/2022:19:46:57 -0700] "GET /clipart/buttons/themes/gray/?C=S%3BO%3DA HTTP/1.1" 200 411 "http://site.kooldawgtees.com/clipart/buttons/themes/gray/?C=M%3BO%3DA" "Mozilla/5.0 (compatible;PetalBot;+https://webmaster.petalsearch.com/site/petalbot)" "site.kooldawgtees.com"
114.119.133.89 - - [20/Oct/2022:19:50:17 -0700] "GET /images/Shortcut_to_ARTWORK.lnk HTTP/1.1" 200 530 "http://site.kooldawgtees.com/images?C=D%3BO%3DA" "Mozilla/5.0 (Linux; Android 7.0;) AppleWebKit/537.36 (KHTML, like Gecko) Mobile Safari/537.36 (compatible; PetalBot;+https://webmaster.petalsearch.com/site/petalbot)" "site.kooldawgtees.com"
114.119.134.1 - - [20/Oct/2022:19:55:13 -0700] "GET /clipart/buttons/blank/?C=N%3BO%3DD HTTP/1.1" 200 470 "http://site.kooldawgtees.com/clipart/buttons/blank?C=M%3BO%3DA" "Mozilla/5.0 (compatible;PetalBot;+https://webmaster.petalsearch.com/site/petalbot)" "site.kooldawgtees.com"
119.8.243.204 - - [20/Oct/2022:20:32:11 -0700] "GET /yswimages/dallas-cowboys-football-cheerleader-outrfit-dog-dress.jpg HTTP/1.1" 200 11942 "-" "Mozilla/5.0 (X11; Ubuntu; Linux x86_64; rv:72.0) Gecko/20100101 Firefox/72.0" "site.kooldawgtees.com"
5.3.216.88 - - [20/Oct/2022:20:59:29 -0700] "GET /yswimages/pecczw276.jpg HTTP/1.1" 200 54132 "-" "Mozilla/5.0 (X11; Ubuntu; Linux x86_64; rv:72.0) Gecko/20100101 Firefox/72.0" "site.kooldawgtees.com"
216.244.66.234 - - [21/Oct/2022:00:59:10 -0700] "GET /robots.txt HTTP/1.1" 200 43 "-" "Mozilla/5.0 (compatible; DotBot/1.2; +https://opensiteexplorer.org/dotbot; help@moz.com)" "site.kooldawgtees.com"
114.119.133.85 - - [21/Oct/2022:02:27:40 -0700] "GET /sitebuilder/images?C=N%3BO%3DD HTTP/1.1" 301 1431 "http://site.kooldawgtees.com/sitebuilder/images?C=S%3BO%3DA" "Mozilla/5.0 (compatible;PetalBot;+https://webmaster.petalsearch.com/site/petalbot)" "site.kooldawgtees.com"
114.119.133.85 - - [21/Oct/2022:02:27:40 -0700] "GET /sitebuilder/images/?C=N%3BO%3DD HTTP/1.1" 200 323 "http://site.kooldawgtees.com/sitebuilder/images?C=S%3BO%3DA" "Mozilla/5.0 (compatible;PetalBot;+https://webmaster.petalsearch.com/site/petalbot)" "site.kooldawgtees.com"
119.8.242.45 - - [21/Oct/2022:02:55:28 -0700] "GET /yswimages/pecczw20072.jpg HTTP/1.1" 200 41030 "-" "Mozilla/5.0 (Windows NT 5.1) AppleWebKit/537.36 (KHTML, like Gecko) Chrome/34.0.1847.116 Safari/537.36 Mozilla/5.0 (iPad; U; CPU OS 3_2 like Mac OS X; en-us) AppleWebKit/531.21.10 (KHTML, like Gecko) Version/4.0.4 Mobile/7B334b Safari/531.21.10" "site.kooldawgtees.com"
114.119.133.87 - - [21/Oct/2022:03:02:57 -0700] "GET /clipart/bullets/numbers/?C=S%3BO%3DA HTTP/1.1" 200 489 "http://site.kooldawgtees.com/clipart/bullets/numbers" "Mozilla/5.0 (compatible;PetalBot;+https://webmaster.petalsearch.com/site/petalbot)" "site.kooldawgtees.com"
114.119.133.98 - - [21/Oct/2022:03:04:43 -0700] "GET /clipart/buttons/themes/bubble/?C=M%3BO%3DA HTTP/1.1" 200 381 "http://site.kooldawgtees.com/clipart/buttons/themes/bubble?C=M%3BO%3DA" "Mozilla/5.0 (compatible;PetalBot;+https://webmaster.petalsearch.com/site/petalbot)" "site.kooldawgtees.com"
114.119.134.1 - - [21/Oct/2022:03:27:33 -0700] "GET /clipart/lines/horizontal/ HTTP/1.1" 200 803 "http://site.kooldawgtees.com/clipart/lines?C=D%3BO%3DA" "Mozilla/5.0 (compatible;PetalBot;+https://webmaster.petalsearch.com/site/petalbot)" "site.kooldawgtees.com"
114.119.133.87 - - [21/Oct/2022:03:29:14 -0700] "GET /clipart/bullets/arrows HTTP/1.1" 301 1419 "http://site.kooldawgtees.com/clipart/bullets" "Mozilla/5.0 (compatible;PetalBot;+https://webmaster.petalsearch.com/site/petalbot)" "site.kooldawgtees.com"
114.119.133.87 - - [21/Oct/2022:03:29:15 -0700] "GET /clipart/bullets/arrows/ HTTP/1.1" 200 465 "http://site.kooldawgtees.com/clipart/bullets" "Mozilla/5.0 (compatible;PetalBot;+https://webmaster.petalsearch.com/site/petalbot)" "site.kooldawgtees.com"
114.119.133.85 - - [21/Oct/2022:03:36:00 -0700] "GET /dickies-medical-uniforms/navigation_bars/?C=N%3BO%3DD HTTP/1.1" 200 340 "http://site.kooldawgtees.com/dickies-medical-uniforms/navigation_bars/?C=D%3BO%3DA" "Mozilla/5.0 (compatible;PetalBot;+https://webmaster.petalsearch.com/site/petalbot)" "site.kooldawgtees.com"
65.108.125.120 - - [21/Oct/2022:04:16:59 -0700] "GET /robots.txt HTTP/1.1" 200 43 "-" "Mozilla/5.0 (compatible; MJ12bot/v1.4.8; http://mj12bot.com/)" "site.kooldawgtees.com"
65.108.125.120 - - [21/Oct/2022:04:17:01 -0700] "GET /sitebuilder/catalog.xml HTTP/1.1" 200 96772 "-" "Mozilla/5.0 (compatible; MJ12bot/v1.4.8; http://mj12bot.com/)" "site.kooldawgtees.com"
114.119.133.87 - - [21/Oct/2022:04:27:10 -0700] "GET /clipart/lines/?C=S%3BO%3DA HTTP/1.1" 200 391 "http://site.kooldawgtees.com/clipart/lines?C=D%3BO%3DA" "Mozilla/5.0 (compatible;PetalBot;+https://webmaster.petalsearch.com/site/petalbot)" "site.kooldawgtees.com"
114.119.133.89 - - [21/Oct/2022:04:28:53 -0700] "GET /clipart/buttons/themes/view-screen?C=D%3BO%3DA HTTP/1.1" 301 1445 "http://site.kooldawgtees.com/clipart/buttons/themes/view-screen" "Mozilla/5.0 (compatible;PetalBot;+https://webmaster.petalsearch.com/site/petalbot)" "site.kooldawgtees.com"
114.119.133.89 - - [21/Oct/2022:04:28:56 -0700] "GET /clipart/buttons/themes/view-screen/?C=D%3BO%3DA HTTP/1.1" 200 458 "http://site.kooldawgtees.com/clipart/buttons/themes/view-screen" "Mozilla/5.0 (compatible;PetalBot;+https://webmaster.petalsearch.com/site/petalbot)" "site.kooldawgtees.com"
114.119.134.116 - - [21/Oct/2022:04:44:21 -0700] "GET /scripts/ HTTP/1.1" 200 382 "http://site.kooldawgtees.com?C=N%3BO%3DD" "Mozilla/5.0 (compatible;PetalBot;+https://webmaster.petalsearch.com/site/petalbot)" "site.kooldawgtees.com"
114.119.134.116 - - [21/Oct/2022:04:53:13 -0700] "GET /dickies-medical-uniforms/sitebuilder/images/?C=M%3BO%3DA HTTP/1.1" 200 386 "http://site.kooldawgtees.com/dickies-medical-uniforms/sitebuilder/images/" "Mozilla/5.0 (compatible;PetalBot;+https://webmaster.petalsearch.com/site/petalbot)" "site.kooldawgtees.com"
119.13.124.64 - - [21/Oct/2022:04:55:17 -0700] "GET /yswimages/premierpetrab.jpg HTTP/1.1" 200 5003 "-" "Mozilla/5.0 (Windows NT 10.0; Win64; x64) AppleWebKit/537.36 (KHTML, like Gecko) Chrome/54.0.2840.99 Safari/537.36" "site.kooldawgtees.com"
114.119.134.1 - - [21/Oct/2022:04:56:37 -0700] "GET /clipart/buttons/paypal/ HTTP/1.1" 200 367 "http://site.kooldawgtees.com/clipart/buttons/?C=M%3BO%3DA" "Mozilla/5.0 (compatible;PetalBot;+https://webmaster.petalsearch.com/site/petalbot)" "site.kooldawgtees.com"
114.119.134.1 - - [21/Oct/2022:05:10:29 -0700] "GET /dickies-medical-uniforms/sitebuilder/images/?C=N%3BO%3DD HTTP/1.1" 200 386 "http://site.kooldawgtees.com/dickies-medical-uniforms/sitebuilder/images/" "Mozilla/5.0 (compatible;PetalBot;+https://webmaster.petalsearch.com/site/petalbot)" "site.kooldawgtees.com"
119.8.243.204 - - [21/Oct/2022:05:57:16 -0700] "GET /yswimages/nfldj313.jpg HTTP/1.1" 200 39111 "-" "Mozilla/5.0 (X11; Ubuntu; Linux x86_64; rv:72.0) Gecko/20100101 Firefox/72.0" "site.kooldawgtees.com"
114.119.141.24 - - [21/Oct/2022:07:19:36 -0700] "GET /robots.txt HTTP/1.1" 200 59 "-" "Mozilla/5.0 (compatible;PetalBot;+https://webmaster.petalsearch.com/site/petalbot)" "site.kooldawgtees.com"
131.227.94.22 - - [21/Oct/2022:07:28:37 -0700] "GET /yswimages/thundershirt-gray.jpg HTTP/1.1" 200 50954 "-" "Mozilla/5.0 (X11; Ubuntu; Linux x86_64; rv:72.0) Gecko/20100101 Firefox/72.0" "site.kooldawgtees.com"
131.227.94.131 - - [21/Oct/2022:08:00:57 -0700] "GET /yswimages/ruffweartrackjacket-blzeornge.jpg HTTP/1.1" 200 381896 "-" "Mozilla/5.0 (X11; Ubuntu; Linux x86_64; rv:72.0) Gecko/20100101 Firefox/72.0" "site.kooldawgtees.com"
106.39.217.150 - - [21/Oct/2022:08:11:38 -0700] "GET /yswimages/pecczwcc-sweat-spkletree.jpg HTTP/1.1" 200 99211 "-" "Mozilla/5.0 (X11; Ubuntu; Linux x86_64; rv:72.0) Gecko/20100101 Firefox/72.0" "site.kooldawgtees.com"
44.194.118.148 - - [21/Oct/2022:08:47:13 -0700] "GET /yswimages/thundershirt-gray.jpg HTTP/1.1" 200 50954 "-" "Mozilla/5.0 (X11; Ubuntu; Linux x86_64; rv:72.0) Gecko/20100101 Firefox/72.0" "site.kooldawgtees.com"
20.125.133.6 - - [21/Oct/2022:08:48:22 -0700] "GET /yswimages/doggles-bckpks.jpg HTTP/1.1" 200 11879 "-" "Mozilla/5.0 (Macintosh; U; Intel Mac OS X 10_6_0; en-US) AppleWebKit/532.0 (KHTML, like Gecko) Chrome/4.0.204.0 Safari/532.0" "site.kooldawgtees.com"
131.227.94.254 - - [21/Oct/2022:10:17:47 -0700] "GET /yswimages/pecczw588.jpg HTTP/1.1" 200 12973 "-" "Mozilla/5.0 (X11; Ubuntu; Linux x86_64; rv:72.0) Gecko/20100101 Firefox/72.0" "site.kooldawgtees.com"
131.227.94.22 - - [21/Oct/2022:10:33:32 -0700] "GET /yswimages/pecczw187.jpg HTTP/1.1" 200 72899 "-" "Mozilla/5.0 (X11; Ubuntu; Linux x86_64; rv:72.0) Gecko/20100101 Firefox/72.0" "site.kooldawgtees.com"
131.227.94.22 - - [21/Oct/2022:10:54:06 -0700] "GET /yswimages/doggles-bckpks.jpg HTTP/1.1" 200 11879 "-" "Mozilla/5.0 (X11; Ubuntu; Linux x86_64; rv:72.0) Gecko/20100101 Firefox/72.0" "site.kooldawgtees.com"
131.227.94.22 - - [21/Oct/2022:11:02:22 -0700] "GET /yswimages/bfasqsc.jpg HTTP/1.1" 200 15719 "-" "Mozilla/5.0 (X11; Ubuntu; Linux x86_64; rv:72.0) Gecko/20100101 Firefox/72.0" "site.kooldawgtees.com"
131.227.94.22 - - [21/Oct/2022:11:12:28 -0700] "GET /yswimages/pecczw260.jpg HTTP/1.1" 200 9032 "-" "Mozilla/5.0 (X11; Ubuntu; Linux x86_64; rv:72.0) Gecko/20100101 Firefox/72.0" "site.kooldawgtees.com"
119.8.243.204 - - [21/Oct/2022:11:19:33 -0700] "GET /yswimages/bfassfh.jpg HTTP/1.1" 200 10882 "-" "Mozilla/5.0 (X11; Ubuntu; Linux x86_64; rv:72.0) Gecko/20100101 Firefox/72.0" "site.kooldawgtees.com"
111.229.179.165 - - [21/Oct/2022:12:04:30 -0700] "GET /yswimages/pecczw38427.jpg HTTP/1.1" 200 46552 "-" "Mozilla/5.0 (X11; Ubuntu; Linux x86_64; rv:72.0) Gecko/20100101 Firefox/72.0" "site.kooldawgtees.com"
44.194.118.148 - - [21/Oct/2022:12:13:01 -0700] "GET /yswimages/bfasqsc.jpg HTTP/1.1" 200 15719 "-" "Mozilla/5.0 (X11; Ubuntu; Linux x86_64; rv:72.0) Gecko/20100101 Firefox/72.0" "site.kooldawgtees.com"
44.194.118.148 - - [21/Oct/2022:12:22:30 -0700] "GET /yswimages/pecczw260.jpg HTTP/1.1" 200 9032 "-" "Mozilla/5.0 (X11; Ubuntu; Linux x86_64; rv:72.0) Gecko/20100101 Firefox/72.0" "site.kooldawgtees.com"
106.39.217.150 - - [21/Oct/2022:13:06:23 -0700] "GET /yswimages/pecczw187.jpg HTTP/1.1" 200 72899 "-" "Mozilla/5.0 (X11; Ubuntu; Linux x86_64; rv:72.0) Gecko/20100101 Firefox/72.0" "site.kooldawgtees.com"
114.119.142.12 - - [21/Oct/2022:14:00:03 -0700] "GET /robots.txt HTTP/1.1" 200 59 "-" "Mozilla/5.0 (compatible;PetalBot;+https://webmaster.petalsearch.com/site/petalbot)" "site.kooldawgtees.com"
114.119.133.87 - - [21/Oct/2022:14:08:02 -0700] "GET /clipart/buttons/themes/beige_orange?C=D%3BO%3DA HTTP/1.1" 301 1446 "http://site.kooldawgtees.com/clipart/buttons/themes/beige_orange" "Mozilla/5.0 (compatible;PetalBot;+https://webmaster.petalsearch.com/site/petalbot)" "site.kooldawgtees.com"
114.119.133.87 - - [21/Oct/2022:14:08:02 -0700] "GET /clipart/buttons/themes/beige_orange/?C=D%3BO%3DA HTTP/1.1" 200 426 "http://site.kooldawgtees.com/clipart/buttons/themes/beige_orange" "Mozilla/5.0 (compatible;PetalBot;+https://webmaster.petalsearch.com/site/petalbot)" "site.kooldawgtees.com"
131.227.94.254 - - [21/Oct/2022:15:29:55 -0700] "GET /yswimages/mlbdtclevelandindians1597.jpg HTTP/1.1" 200 50977 "-" "Mozilla/5.0 (X11; Ubuntu; Linux x86_64; rv:72.0) Gecko/20100101 Firefox/72.0" "site.kooldawgtees.com"
106.39.217.134 - - [21/Oct/2022:19:05:17 -0700] "GET /yswimages/mlbdjcoloradorockies1437.jpg HTTP/1.1" 200 33579 "-" "Mozilla/5.0 (X11; Ubuntu; Linux x86_64; rv:72.0) Gecko/20100101 Firefox/72.0" "site.kooldawgtees.com"
111.229.179.165 - - [21/Oct/2022:19:05:48 -0700] "GET /yswimages/nfldj335.jpg HTTP/1.1" 200 41883 "-" "Mozilla/5.0 (X11; Ubuntu; Linux x86_64; rv:72.0) Gecko/20100101 Firefox/72.0" "site.kooldawgtees.com"
106.39.217.150 - - [21/Oct/2022:19:05:56 -0700] "GET /yswimages/pecczw588.jpg HTTP/1.1" 200 12973 "-" "Mozilla/5.0 (X11; Ubuntu; Linux x86_64; rv:72.0) Gecko/20100101 Firefox/72.0" "site.kooldawgtees.com"
106.39.217.150 - - [21/Oct/2022:20:12:10 -0700] "GET /yswimages/flophouse-foam-pad.jpg HTTP/1.1" 200 153512 "-" "Mozilla/5.0 (X11; Ubuntu; Linux x86_64; rv:72.0) Gecko/20100101 Firefox/72.0" "site.kooldawgtees.com"
65.154.226.109 - - [21/Oct/2022:20:12:31 -0700] "GET /yswimages/ruffweartrackjacket-blzeornge.jpg HTTP/1.1" 200 381896 "-" "Mozilla/5.0 (Windows NT 10.0) AppleWebKit/537.36 (KHTML, like Gecko) Chrome/106.0.0.0 Safari/537.36" "site.kooldawgtees.com"
131.227.94.131 - - [21/Oct/2022:21:03:57 -0700] "GET /yswimages/mlbdjcoloradorockies1437.jpg HTTP/1.1" 200 33579 "-" "Mozilla/5.0 (X11; Ubuntu; Linux x86_64; rv:72.0) Gecko/20100101 Firefox/72.0" "site.kooldawgtees.com"
131.227.94.131 - - [21/Oct/2022:21:13:50 -0700] "GET /yswimages/dog-clothes-monkey-business-dog-hoodie.jpg HTTP/1.1" 200 58741 "-" "Mozilla/5.0 (X11; Ubuntu; Linux x86_64; rv:72.0) Gecko/20100101 Firefox/72.0" "site.kooldawgtees.com"
65.154.226.109 - - [21/Oct/2022:21:43:30 -0700] "GET /yswimages/pecczw187.jpg HTTP/1.1" 200 72899 "-" "Mozilla/5.0 (Windows NT 10.0) AppleWebKit/537.36 (KHTML, like Gecko) Chrome/106.0.0.0 Safari/537.36" "site.kooldawgtees.com"
20.7.134.147 - - [21/Oct/2022:21:46:22 -0700] "GET /blog/wp-content/plugins/ioptimization/IOptimize.php?rchk HTTP/1.1" 404 88 "www.google.com" "Mozlila/5.0 (Linux; Android 7.0; SM-G892A Bulid/NRD90M; wv) AppleWebKit/537.36 (KHTML, like Gecko) Version/4.0 Chrome/60.0.3112.107 Moblie Safari/537.36" "site.kooldawgtees.com"
114.119.133.98 - - [21/Oct/2022:22:13:03 -0700] "GET /dickies-medical-uniforms/sitebuilder/images?C=N%3BO%3DD HTTP/1.1" 301 1448 "http://site.kooldawgtees.com/dickies-medical-uniforms/sitebuilder/images?C=D%3BO%3DA" "Mozilla/5.0 (compatible;PetalBot;+https://webmaster.petalsearch.com/site/petalbot)" "site.kooldawgtees.com"
114.119.133.98 - - [21/Oct/2022:22:13:04 -0700] "GET /dickies-medical-uniforms/sitebuilder/images/?C=N%3BO%3DD HTTP/1.1" 200 386 "http://site.kooldawgtees.com/dickies-medical-uniforms/sitebuilder/images?C=D%3BO%3DA" "Mozilla/5.0 (compatible;PetalBot;+https://webmaster.petalsearch.com/site/petalbot)" "site.kooldawgtees.com"
114.119.133.98 - - [21/Oct/2022:22:19:10 -0700] "GET /ssl/?C=M%3BO%3DA HTTP/1.1" 302 1435 "https://site.kooldawgtees.com/ssl/?C=N%3BO%3DD" "Mozilla/5.0 (compatible;PetalBot;+https://webmaster.petalsearch.com/site/petalbot)" "site.kooldawgtees.com"
114.119.134.1 - - [21/Oct/2022:22:29:00 -0700] "GET /clipart/backgrounds/fullpage/?C=N%3BO%3DD HTTP/1.1" 200 332 "http://site.kooldawgtees.com/clipart/backgrounds/fullpage?C=N%3BO%3DD" "Mozilla/5.0 (compatible;PetalBot;+https://webmaster.petalsearch.com/site/petalbot)" "site.kooldawgtees.com"
114.119.133.98 - - [21/Oct/2022:22:33:37 -0700] "GET /scripts/?C=N%3BO%3DD HTTP/1.1" 200 382 "http://site.kooldawgtees.com/scripts/" "Mozilla/5.0 (compatible;PetalBot;+https://webmaster.petalsearch.com/site/petalbot)" "site.kooldawgtees.com"
114.119.134.1 - - [21/Oct/2022:22:39:45 -0700] "GET /dickies-medical-uniforms/sitebuilder/images?C=S%3BO%3DA HTTP/1.1" 301 1448 "http://site.kooldawgtees.com/dickies-medical-uniforms/sitebuilder/images?C=D%3BO%3DA" "Mozilla/5.0 (compatible;PetalBot;+https://webmaster.petalsearch.com/site/petalbot)" "site.kooldawgtees.com"
114.119.134.1 - - [21/Oct/2022:22:39:45 -0700] "GET /dickies-medical-uniforms/sitebuilder/images/?C=S%3BO%3DA HTTP/1.1" 200 386 "http://site.kooldawgtees.com/dickies-medical-uniforms/sitebuilder/images?C=D%3BO%3DA" "Mozilla/5.0 (compatible;PetalBot;+https://webmaster.petalsearch.com/site/petalbot)" "site.kooldawgtees.com"
114.119.133.87 - - [21/Oct/2022:22:42:50 -0700] "GET /clipart/buttons/themes/bubble?C=M%3BO%3DA HTTP/1.1" 301 1441 "http://site.kooldawgtees.com/clipart/buttons/themes/bubble?C=N%3BO%3DD" "Mozilla/5.0 (compatible;PetalBot;+https://webmaster.petalsearch.com/site/petalbot)" "site.kooldawgtees.com"
114.119.133.87 - - [21/Oct/2022:22:42:50 -0700] "GET /clipart/buttons/themes/bubble/?C=M%3BO%3DA HTTP/1.1" 200 381 "http://site.kooldawgtees.com/clipart/buttons/themes/bubble?C=N%3BO%3DD" "Mozilla/5.0 (compatible;PetalBot;+https://webmaster.petalsearch.com/site/petalbot)" "site.kooldawgtees.com"
114.119.133.85 - - [21/Oct/2022:22:44:25 -0700] "GET /clipart/buttons?C=N%3BO%3DD HTTP/1.1" 301 1430 "http://site.kooldawgtees.com/clipart/buttons?C=M%3BO%3DA" "Mozilla/5.0 (compatible;PetalBot;+https://webmaster.petalsearch.com/site/petalbot)" "site.kooldawgtees.com"
114.119.133.85 - - [21/Oct/2022:22:44:25 -0700] "GET /clipart/buttons/?C=N%3BO%3DD HTTP/1.1" 200 436 "http://site.kooldawgtees.com/clipart/buttons?C=M%3BO%3DA" "Mozilla/5.0 (compatible;PetalBot;+https://webmaster.petalsearch.com/site/petalbot)" "site.kooldawgtees.com"
160.194.185.65 - - [21/Oct/2022:22:50:31 -0700] "GET /yswimages/premierpetrab.jpg HTTP/1.1" 200 5003 "-" "Mozilla/5.0 (X11; Ubuntu; Linux x86_64; rv:72.0) Gecko/20100101 Firefox/72.0" "site.kooldawgtees.com"
43.134.78.120 - - [21/Oct/2022:22:51:31 -0700] "GET /yswimages/mlbdjcubs1433.jpg HTTP/1.1" 200 41453 "-" "Mozilla/5.0 (Macintoosh; Intel Mac OS X 10_14_68) AppleWebKit/538.36 (KHTML, like Gecko) Chrome/76.0.3904.97 Safari/537.36" "site.kooldawgtees.com"
114.119.133.85 - - [21/Oct/2022:22:52:01 -0700] "GET /clipart/buttons/blank/?C=M%3BO%3DA HTTP/1.1" 200 470 "http://site.kooldawgtees.com/clipart/buttons/blank/?C=N%3BO%3DD" "Mozilla/5.0 (compatible;PetalBot;+https://webmaster.petalsearch.com/site/petalbot)" "site.kooldawgtees.com"
114.119.147.239 - - [21/Oct/2022:22:54:37 -0700] "GET /@site.kooldawgtees.com/clipart/images/frames/?C=D&percnt;3BO&percnt;3DA& HTTP/1.1" 200 341 "https://p11.secure.hostingprod.com/%40site.kooldawgtees.com/clipart/images/frames/?C=S%3BO%3DD" "Mozilla/5.0 (Linux; Android 7.0;) AppleWebKit/537.36 (KHTML, like Gecko) Mobile Safari/537.36 (compatible; PetalBot;+https://webmaster.petalsearch.com/site/petalbot)" "p11.secure.hostingprod.com"
114.119.133.98 - - [21/Oct/2022:22:56:40 -0700] "GET /clipart/photos/objects/?C=S%3BO%3DA HTTP/1.1" 200 404 "http://site.kooldawgtees.com/clipart/photos/objects?C=S%3BO%3DA" "Mozilla/5.0 (compatible;PetalBot;+https://webmaster.petalsearch.com/site/petalbot)" "site.kooldawgtees.com"
66.181.34.92 - - [21/Oct/2022:23:01:30 -0700] "GET /yswimages/mlbdtclevelandindians1597.jpg HTTP/1.1" 200 50977 "-" "Mozilla/5.0 (X11; Ubuntu; Linux x86_64; rv:72.0) Gecko/20100101 Firefox/72.0" "site.kooldawgtees.com"
114.119.134.116 - - [21/Oct/2022:23:02:51 -0700] "GET /sounds?C=D%3BO%3DA HTTP/1.1" 301 1423 "http://site.kooldawgtees.com/sounds?C=S%3BO%3DA" "Mozilla/5.0 (compatible;PetalBot;+https://webmaster.petalsearch.com/site/petalbot)" "site.kooldawgtees.com"
114.119.134.116 - - [21/Oct/2022:23:02:51 -0700] "GET /sounds/?C=D%3BO%3DA HTTP/1.1" 200 499 "http://site.kooldawgtees.com/sounds?C=S%3BO%3DA" "Mozilla/5.0 (compatible;PetalBot;+https://webmaster.petalsearch.com/site/petalbot)" "site.kooldawgtees.com"
134.160.184.6 - - [22/Oct/2022:00:07:19 -0700] "GET /yswimages/dog-clothes-ty-monkey-business-dog-jackets.jpg HTTP/1.1" 200 59018 "-" "Mozilla/5.0 (X11; Ubuntu; Linux x86_64; rv:72.0) Gecko/20100101 Firefox/72.0" "site.kooldawgtees.com"
159.138.137.41 - - [22/Oct/2022:00:38:49 -0700] "GET /yswimages/dog-clothes-monkey-business-dog-hoodie.jpg HTTP/1.1" 200 58741 "-" "Mozilla/5.0 (X11; Ubuntu; Linux x86_64; rv:72.0) Gecko/20100101 Firefox/72.0" "site.kooldawgtees.com"
131.227.94.22 - - [22/Oct/2022:01:07:33 -0700] "GET /yswimages/dog-clothes-ty-monkey-business-dog-jackets.jpg HTTP/1.1" 200 59018 "-" "Mozilla/5.0 (X11; Ubuntu; Linux x86_64; rv:72.0) Gecko/20100101 Firefox/72.0" "site.kooldawgtees.com"
131.227.94.131 - - [22/Oct/2022:02:11:35 -0700] "GET /yswimages/pecczw276.jpg HTTP/1.1" 200 54132 "-" "Mozilla/5.0 (X11; Ubuntu; Linux x86_64; rv:72.0) Gecko/20100101 Firefox/72.0" "site.kooldawgtees.com"
131.227.94.254 - - [22/Oct/2022:03:37:13 -0700] "GET /yswimages/pecczw38427.jpg HTTP/1.1" 200 46552 "-" "Mozilla/5.0 (X11; Ubuntu; Linux x86_64; rv:72.0) Gecko/20100101 Firefox/72.0" "site.kooldawgtees.com"
131.227.94.22 - - [22/Oct/2022:05:05:15 -0700] "GET /yswimages/pecczw530.jpg HTTP/1.1" 200 11593 "-" "Mozilla/5.0 (X11; Ubuntu; Linux x86_64; rv:72.0) Gecko/20100101 Firefox/72.0" "site.kooldawgtees.com"
114.119.133.89 - - [22/Oct/2022:05:05:32 -0700] "GET /site_map2009?C=S%3BO%3DA HTTP/1.1" 301 1430 "http://site.kooldawgtees.com/site_map2009?C=M%3BO%3DA" "Mozilla/5.0 (compatible;PetalBot;+https://webmaster.petalsearch.com/site/petalbot)" "site.kooldawgtees.com"
114.119.133.89 - - [22/Oct/2022:05:05:32 -0700] "GET /site_map2009/?C=S%3BO%3DA HTTP/1.1" 200 318 "http://site.kooldawgtees.com/site_map2009?C=M%3BO%3DA" "Mozilla/5.0 (compatible;PetalBot;+https://webmaster.petalsearch.com/site/petalbot)" "site.kooldawgtees.com"
114.119.133.87 - - [22/Oct/2022:05:12:33 -0700] "GET /clipart/buttons/ HTTP/1.1" 200 436 "http://site.kooldawgtees.com/clipart/buttons/paypal/" "Mozilla/5.0 (compatible;PetalBot;+https://webmaster.petalsearch.com/site/petalbot)" "site.kooldawgtees.com"
114.119.134.1 - - [22/Oct/2022:05:19:01 -0700] "GET /sitebuilder/css?C=D%3BO%3DA HTTP/1.1" 301 1429 "http://site.kooldawgtees.com/sitebuilder/css" "Mozilla/5.0 (compatible;PetalBot;+https://webmaster.petalsearch.com/site/petalbot)" "site.kooldawgtees.com"
114.119.134.1 - - [22/Oct/2022:05:19:01 -0700] "GET /sitebuilder/css/?C=D%3BO%3DA HTTP/1.1" 200 377 "http://site.kooldawgtees.com/sitebuilder/css" "Mozilla/5.0 (compatible;PetalBot;+https://webmaster.petalsearch.com/site/petalbot)" "site.kooldawgtees.com"
114.119.133.87 - - [22/Oct/2022:05:32:47 -0700] "GET /dog_toys/?C=M%3BO%3DA HTTP/1.1" 200 313 "http://site.kooldawgtees.com/dog_toys/?C=N%3BO%3DD" "Mozilla/5.0 (compatible;PetalBot;+https://webmaster.petalsearch.com/site/petalbot)" "site.kooldawgtees.com"
131.227.94.254 - - [22/Oct/2022:05:34:13 -0700] "GET /yswimages/nfldj335.jpg HTTP/1.1" 200 41883 "-" "Mozilla/5.0 (X11; Ubuntu; Linux x86_64; rv:72.0) Gecko/20100101 Firefox/72.0" "site.kooldawgtees.com"
114.119.133.98 - - [22/Oct/2022:05:34:21 -0700] "GET /dog_toys?C=N%3BO%3DD HTTP/1.1" 301 1427 "http://site.kooldawgtees.com/dog_toys?C=S%3BO%3DA" "Mozilla/5.0 (compatible;PetalBot;+https://webmaster.petalsearch.com/site/petalbot)" "site.kooldawgtees.com"
114.119.133.98 - - [22/Oct/2022:05:34:21 -0700] "GET /dog_toys/?C=N%3BO%3DD HTTP/1.1" 200 313 "http://site.kooldawgtees.com/dog_toys?C=S%3BO%3DA" "Mozilla/5.0 (compatible;PetalBot;+https://webmaster.petalsearch.com/site/petalbot)" "site.kooldawgtees.com"
114.119.133.85 - - [22/Oct/2022:05:40:28 -0700] "GET /dickies-medical-uniforms/sitebuilder/images/thumbnails?C=S%3BO%3DA HTTP/1.1" 301 1456 "http://site.kooldawgtees.com/dickies-medical-uniforms/sitebuilder/images/thumbnails?C=M%3BO%3DA" "Mozilla/5.0 (compatible;PetalBot;+https://webmaster.petalsearch.com/site/petalbot)" "site.kooldawgtees.com"
114.119.133.85 - - [22/Oct/2022:05:40:29 -0700] "GET /dickies-medical-uniforms/sitebuilder/images/thumbnails/?C=S%3BO%3DA HTTP/1.1" 200 349 "http://site.kooldawgtees.com/dickies-medical-uniforms/sitebuilder/images/thumbnails?C=M%3BO%3DA" "Mozilla/5.0 (compatible;PetalBot;+https://webmaster.petalsearch.com/site/petalbot)" "site.kooldawgtees.com"
119.8.243.204 - - [22/Oct/2022:05:42:00 -0700] "GET /yswimages/zzus103.jpg HTTP/1.1" 200 59100 "-" "Mozilla/5.0 (X11; Ubuntu; Linux x86_64; rv:72.0) Gecko/20100101 Firefox/72.0" "site.kooldawgtees.com"
114.119.134.116 - - [22/Oct/2022:05:45:03 -0700] "GET /media/?C=D%3BO%3DA HTTP/1.1" 200 553 "http://site.kooldawgtees.com/media/?C=N%3BO%3DD" "Mozilla/5.0 (compatible;PetalBot;+https://webmaster.petalsearch.com/site/petalbot)" "site.kooldawgtees.com"
114.119.134.1 - - [22/Oct/2022:05:48:04 -0700] "GET /navigation_bars/TOP_BAR_KOOLDAWG.nav HTTP/1.1" 200 1513 "-" "Mozilla/5.0 (compatible;PetalBot;+https://webmaster.petalsearch.com/site/petalbot)" "site.kooldawgtees.com"
114.119.133.98 - - [22/Oct/2022:05:52:42 -0700] "GET /clipart/images/sidebars?C=D%3BO%3DA HTTP/1.1" 301 1435 "http://site.kooldawgtees.com/clipart/images/sidebars?C=N%3BO%3DD" "Mozilla/5.0 (compatible;PetalBot;+https://webmaster.petalsearch.com/site/petalbot)" "site.kooldawgtees.com"
114.119.133.98 - - [22/Oct/2022:05:52:42 -0700] "GET /clipart/images/sidebars/?C=D%3BO%3DA HTTP/1.1" 200 600 "http://site.kooldawgtees.com/clipart/images/sidebars?C=N%3BO%3DD" "Mozilla/5.0 (compatible;PetalBot;+https://webmaster.petalsearch.com/site/petalbot)" "site.kooldawgtees.com"
114.119.130.199 - - [22/Oct/2022:05:58:11 -0700] "GET /robots.txt HTTP/1.1" 200 59 "-" "Mozilla/5.0 (compatible;PetalBot;+https://webmaster.petalsearch.com/site/petalbot)" "site.kooldawgtees.com"
43.156.253.139 - - [22/Oct/2022:06:57:44 -0700] "GET /yswimages/mlbdjcubs1433.jpg HTTP/1.1" 200 41453 "-" "Mozilla/5.0 (Macintoosh; Intel Mac OS X 10_14_68) AppleWebKit/538.36 (KHTML, like Gecko) Chrome/76.0.3904.97 Safari/537.36" "site.kooldawgtees.com"
20.125.133.6 - - [22/Oct/2022:07:54:07 -0700] "GET /yswimages/doggles-bckpks.jpg HTTP/1.1" 200 11879 "-" "Mozilla/5.0 (Macintosh; U; Intel Mac OS X 10_6_3; en-US) AppleWebKit/534.3 (KHTML, like Gecko) Chrome/6.0.456.0 Safari/534.3" "site.kooldawgtees.com"
43.134.85.209 - - [22/Oct/2022:08:11:57 -0700] "GET /yswimages/mlbdjcubs1433.jpg HTTP/1.1" 200 41453 "-" "Mozilla/5.0 (Macintoosh; Intel Mac OS X 10_14_68) AppleWebKit/538.36 (KHTML, like Gecko) Chrome/76.0.3904.97 Safari/537.36" "site.kooldawgtees.com"
116.179.33.74 - - [22/Oct/2022:09:08:33 -0700] "GET /yswimages/highlands-bed.jpg HTTP/1.1" 200 100692 "-" "Mozilla/5.0 (X11; Ubuntu; Linux x86_64; rv:72.0) Gecko/20100101 Firefox/72.0" "site.kooldawgtees.com"
131.227.94.22 - - [22/Oct/2022:09:38:00 -0700] "GET /yswimages/pecczw275.jpg HTTP/1.1" 200 18474 "-" "Mozilla/5.0 (X11; Ubuntu; Linux x86_64; rv:72.0) Gecko/20100101 Firefox/72.0" "site.kooldawgtees.com"
43.156.253.139 - - [22/Oct/2022:10:57:55 -0700] "GET /yswimages/doggles.jpg HTTP/1.1" 200 50040 "-" "Mozilla/5.0 (Macintoosh; Intel Mac OS X 10_14_68) AppleWebKit/538.36 (KHTML, like Gecko) Chrome/76.0.3904.97 Safari/537.36" "site.kooldawgtees.com"
131.227.94.254 - - [22/Oct/2022:12:00:42 -0700] "GET /yswimages/doggles-pcmh.jpg HTTP/1.1" 200 16660 "-" "Mozilla/5.0 (X11; Ubuntu; Linux x86_64; rv:72.0) Gecko/20100101 Firefox/72.0" "site.kooldawgtees.com"
134.160.184.6 - - [22/Oct/2022:12:04:08 -0700] "GET /yswimages/pecczw530.jpg HTTP/1.1" 200 11593 "-" "Mozilla/5.0 (X11; Ubuntu; Linux x86_64; rv:72.0) Gecko/20100101 Firefox/72.0" "site.kooldawgtees.com"
131.227.94.131 - - [22/Oct/2022:12:05:33 -0700] "GET /yswimages/nfldj313.jpg HTTP/1.1" 200 39111 "-" "Mozilla/5.0 (X11; Ubuntu; Linux x86_64; rv:72.0) Gecko/20100101 Firefox/72.0" "site.kooldawgtees.com"
131.227.94.22 - - [22/Oct/2022:12:27:46 -0700] "GET /yswimages/nflds1717.jpg HTTP/1.1" 200 48861 "-" "Mozilla/5.0 (X11; Ubuntu; Linux x86_64; rv:72.0) Gecko/20100101 Firefox/72.0" "site.kooldawgtees.com"
98.185.164.137 - - [22/Oct/2022:13:01:59 -0700] "GET /@site.kooldawgtees.com/ssl/background.jpg HTTP/1.1" 200 50243 "https://us-dc1-order.store.yahoo.net/" "Mozilla/5.0 (Macintosh; Intel Mac OS X 10_15_7) AppleWebKit/605.1.15 (KHTML, like Gecko) Version/16.0 Safari/605.1.15" "p11.secure.hostingprod.com"
131.227.94.22 - - [22/Oct/2022:13:52:11 -0700] "GET /yswimages/pecczw20072.jpg HTTP/1.1" 200 41030 "-" "Mozilla/5.0 (X11; Ubuntu; Linux x86_64; rv:72.0) Gecko/20100101 Firefox/72.0" "site.kooldawgtees.com"
114.119.134.116 - - [22/Oct/2022:14:02:50 -0700] "GET /clipart/bullets/numbers/ HTTP/1.1" 200 489 "http://site.kooldawgtees.com/clipart/bullets/?C=D%3BO%3DA" "Mozilla/5.0 (compatible;PetalBot;+https://webmaster.petalsearch.com/site/petalbot)" "site.kooldawgtees.com"
114.119.133.98 - - [22/Oct/2022:14:19:17 -0700] "GET /sitebuilder?C=M%3BO%3DA HTTP/1.1" 301 1426 "http://site.kooldawgtees.com/sitebuilder?C=D%3BO%3DA" "Mozilla/5.0 (compatible;PetalBot;+https://webmaster.petalsearch.com/site/petalbot)" "site.kooldawgtees.com"
114.119.133.98 - - [22/Oct/2022:14:19:17 -0700] "GET /sitebuilder/?C=M%3BO%3DA HTTP/1.1" 200 600 "http://site.kooldawgtees.com/sitebuilder?C=D%3BO%3DA" "Mozilla/5.0 (compatible;PetalBot;+https://webmaster.petalsearch.com/site/petalbot)" "site.kooldawgtees.com"
131.227.94.22 - - [22/Oct/2022:14:20:57 -0700] "GET /yswimages/dog-clothes-monkey-business-dog-sweaters.jpg HTTP/1.1" 200 47345 "-" "Mozilla/5.0 (X11; Ubuntu; Linux x86_64; rv:72.0) Gecko/20100101 Firefox/72.0" "site.kooldawgtees.com"
66.181.34.92 - - [22/Oct/2022:14:21:54 -0700] "GET /yswimages/pecczw38427.jpg HTTP/1.1" 200 46552 "-" "Mozilla/5.0 (X11; Ubuntu; Linux x86_64; rv:72.0) Gecko/20100101 Firefox/72.0" "site.kooldawgtees.com"
131.227.94.131 - - [22/Oct/2022:14:53:57 -0700] "GET /yswimages/bfassfh.jpg HTTP/1.1" 200 10882 "-" "Mozilla/5.0 (X11; Ubuntu; Linux x86_64; rv:72.0) Gecko/20100101 Firefox/72.0" "site.kooldawgtees.com"
114.119.133.98 - - [22/Oct/2022:15:28:38 -0700] "GET /default/navigation_bars/ HTTP/1.1" 200 327 "http://site.kooldawgtees.com/default/?C=M%3BO%3DA" "Mozilla/5.0 (compatible;PetalBot;+https://webmaster.petalsearch.com/site/petalbot)" "site.kooldawgtees.com"
114.119.133.85 - - [22/Oct/2022:15:40:39 -0700] "GET /dickies-medical-uniforms/sitebuilder/images?C=D%3BO%3DA HTTP/1.1" 301 1448 "http://site.kooldawgtees.com/dickies-medical-uniforms/sitebuilder/images?C=S%3BO%3DA" "Mozilla/5.0 (compatible;PetalBot;+https://webmaster.petalsearch.com/site/petalbot)" "site.kooldawgtees.com"
114.119.133.85 - - [22/Oct/2022:15:40:40 -0700] "GET /dickies-medical-uniforms/sitebuilder/images/?C=D%3BO%3DA HTTP/1.1" 200 386 "http://site.kooldawgtees.com/dickies-medical-uniforms/sitebuilder/images?C=S%3BO%3DA" "Mozilla/5.0 (compatible;PetalBot;+https://webmaster.petalsearch.com/site/petalbot)" "site.kooldawgtees.com"
66.181.34.92 - - [22/Oct/2022:16:50:16 -0700] "GET /yswimages/nfldj335.jpg HTTP/1.1" 200 41883 "-" "Mozilla/5.0 (X11; Ubuntu; Linux x86_64; rv:72.0) Gecko/20100101 Firefox/72.0" "site.kooldawgtees.com"
64.124.8.29 - - [22/Oct/2022:17:30:48 -0700] "GET /robots.txt HTTP/1.1" 200 59 "-" "Mozilla/5.0 (X11; Linux x86_64) AppleWebKit/537.36 (KHTML, like Gecko) Chrome/61.0.3163.79 Safari/537.36" "site.kooldawgtees.com"
64.124.8.29 - - [22/Oct/2022:17:30:48 -0700] "GET /WOOF_NEW_SUMMER_STYLES.html HTTP/1.1" 404 88 "-" "Mozilla/5.0 (X11; Linux x86_64) AppleWebKit/537.36 (KHTML, like Gecko) Chrome/61.0.3163.79 Safari/537.36" "site.kooldawgtees.com"
114.119.134.116 - - [22/Oct/2022:17:33:08 -0700] "GET /sitebuilder/images?C=D%3BO%3DA HTTP/1.1" 301 1431 "http://site.kooldawgtees.com/sitebuilder/images?C=N%3BO%3DD" "Mozilla/5.0 (compatible;PetalBot;+https://webmaster.petalsearch.com/site/petalbot)" "site.kooldawgtees.com"
114.119.134.116 - - [22/Oct/2022:17:33:14 -0700] "GET /sitebuilder/images/?C=D%3BO%3DA HTTP/1.1" 200 323 "http://site.kooldawgtees.com/sitebuilder/images?C=N%3BO%3DD" "Mozilla/5.0 (compatible;PetalBot;+https://webmaster.petalsearch.com/site/petalbot)" "site.kooldawgtees.com"
43.134.85.209 - - [22/Oct/2022:18:26:33 -0700] "GET /yswimages/mlbdj-st-louis-cardinals-dog-jersey.jpg HTTP/1.1" 200 35229 "-" "Mozilla/5.0 (Macintoosh; Intel Mac OS X 10_14_68) AppleWebKit/538.36 (KHTML, like Gecko) Chrome/76.0.3904.97 Safari/537.36" "site.kooldawgtees.com"
159.138.137.41 - - [22/Oct/2022:18:37:42 -0700] "GET /yswimages/dallas-cowboys-football-cheerleader-outrfit-dog-dress.jpg HTTP/1.1" 200 11942 "-" "Mozilla/5.0 (X11; Ubuntu; Linux x86_64; rv:72.0) Gecko/20100101 Firefox/72.0" "site.kooldawgtees.com"
119.8.243.204 - - [22/Oct/2022:19:06:47 -0700] "GET /yswimages/mlbdj-st-louis-cardinals-dog-jersey.jpg HTTP/1.1" 200 35229 "-" "Mozilla/5.0 (X11; Ubuntu; Linux x86_64; rv:72.0) Gecko/20100101 Firefox/72.0" "site.kooldawgtees.com"
111.229.179.165 - - [22/Oct/2022:19:28:39 -0700] "GET /yswimages/doggles-pcmh.jpg HTTP/1.1" 200 16660 "-" "Mozilla/5.0 (X11; Ubuntu; Linux x86_64; rv:72.0) Gecko/20100101 Firefox/72.0" "site.kooldawgtees.com"
114.119.133.87 - - [22/Oct/2022:21:31:54 -0700] "GET /dickies-medical-uniforms/?C=D%3BO%3DA HTTP/1.1" 200 404 "http://site.kooldawgtees.com/dickies-medical-uniforms/?C=N%3BO%3DD" "Mozilla/5.0 (compatible;PetalBot;+https://webmaster.petalsearch.com/site/petalbot)" "site.kooldawgtees.com"
119.8.243.204 - - [22/Oct/2022:21:48:12 -0700] "GET /yswimages/nfldt765.jpg HTTP/1.1" 200 50973 "-" "Mozilla/5.0 (X11; Ubuntu; Linux x86_64; rv:72.0) Gecko/20100101 Firefox/72.0" "site.kooldawgtees.com"
114.119.134.1 - - [22/Oct/2022:22:19:49 -0700] "GET /applets HTTP/1.1" 301 1411 "http://site.kooldawgtees.com/?C=M%3BO%3DA" "Mozilla/5.0 (compatible;PetalBot;+https://webmaster.petalsearch.com/site/petalbot)" "site.kooldawgtees.com"
114.119.134.1 - - [22/Oct/2022:22:19:49 -0700] "GET /applets/ HTTP/1.1" 200 313 "http://site.kooldawgtees.com/?C=M%3BO%3DA" "Mozilla/5.0 (compatible;PetalBot;+https://webmaster.petalsearch.com/site/petalbot)" "site.kooldawgtees.com"
114.119.133.87 - - [22/Oct/2022:22:21:44 -0700] "GET /robots.txt HTTP/1.1" 200 59 "-" "Mozilla/5.0 (compatible;PetalBot;+https://webmaster.petalsearch.com/site/petalbot)" "site.kooldawgtees.com"
119.8.57.70 - - [22/Oct/2022:22:41:01 -0700] "GET /yswimages/dog-clothes-monkey-business-dog-hoodie.jpg HTTP/1.1" 200 58741 "-" "Mozilla/5.0 (X11; Ubuntu; Linux x86_64; rv:72.0) Gecko/20100101 Firefox/72.0" "site.kooldawgtees.com"
114.119.134.116 - - [22/Oct/2022:22:42:49 -0700] "GET /yswimages HTTP/1.1" 301 1413 "http://site.kooldawgtees.com/?C=M%3BO%3DA" "Mozilla/5.0 (compatible;PetalBot;+https://webmaster.petalsearch.com/site/petalbot)" "site.kooldawgtees.com"
