119.8.106.108 - - [10/Nov/2022:15:44:20 -0800] "GET /yswimages/dallas-cowboys-football-cheerleader-outrfit-dog-dress.jpg HTTP/1.1" 200 11942 "-" "Mozilla/5.0 (Windows NT 10.0; Win64; x64) AppleWebKit/537.36 (KHTML, like Gecko) Chrome/54.0.2840.99 Safari/537.36" "site.kooldawgtees.com"
40.86.101.254 - - [10/Nov/2022:16:11:31 -0800] "GET /yswimages/peccza247blk.jpg HTTP/1.1" 200 77925 "http://site.kooldawgtees.com/yswimages" "Mozilla/5.0 (X11; Linux x86_64) AppleWebKit/537.36 (KHTML, like Gecko) Chrome/74.0.3729.169 Safari/537.36" "site.kooldawgtees.com"
114.119.134.1 - - [10/Nov/2022:16:16:06 -0800] "GET / HTTP/1.1" 200 833 "-" "Mozilla/5.0 (compatible;PetalBot;+https://webmaster.petalsearch.com/site/petalbot)" "site.kooldawgtees.com"
87.250.224.21 - - [10/Nov/2022:16:18:39 -0800] "GET /robots.txt HTTP/1.1" 200 43 "-" "Mozilla/5.0 (compatible; YandexBot/3.0; +http://yandex.com/bots)" "site.kooldawgtees.com"
87.250.224.127 - - [10/Nov/2022:16:18:43 -0800] "GET /yswimages/?C=M;O=D HTTP/1.1" 200 12224 "-" "Mozilla/5.0 (compatible; YandexBot/3.0; +http://yandex.com/bots)" "site.kooldawgtees.com"
114.119.134.116 - - [10/Nov/2022:16:21:06 -0800] "GET /navigation_bars/SEHI.nav HTTP/1.1" 200 2425 "-" "Mozilla/5.0 (compatible;PetalBot;+https://webmaster.petalsearch.com/site/petalbot)" "site.kooldawgtees.com"
34.23.188.69 - - [10/Nov/2022:16:48:05 -0800] "GET /yswimages/doggles-pcmh.jpg HTTP/1.1" 200 16660 "-" "Mozilla/5.0 (X11; Ubuntu; Linux x86_64; rv:72.0) Gecko/20100101 Firefox/72.0" "site.kooldawgtees.com"
114.119.133.85 - - [10/Nov/2022:16:57:21 -0800] "GET /directory?C=N%3BO%3DD HTTP/1.1" 301 1426 "http://site.kooldawgtees.com/directory?C=S%3BO%3DA" "Mozilla/5.0 (compatible;PetalBot;+https://webmaster.petalsearch.com/site/petalbot)" "site.kooldawgtees.com"
114.119.133.85 - - [10/Nov/2022:16:57:22 -0800] "GET /directory/?C=N%3BO%3DD HTTP/1.1" 200 311 "http://site.kooldawgtees.com/directory?C=S%3BO%3DA" "Mozilla/5.0 (compatible;PetalBot;+https://webmaster.petalsearch.com/site/petalbot)" "site.kooldawgtees.com"
40.86.101.252 - - [10/Nov/2022:17:17:58 -0800] "GET /yswimages/woofswc061342.jpg HTTP/1.1" 200 50438 "http://site.kooldawgtees.com/yswimages" "Mozilla/5.0 (Macintosh; Intel Mac OS X 10_11_6) AppleWebKit/605.1.15 (KHTML, like Gecko) Version/11.1.2 Safari/605.1.15" "site.kooldawgtees.com"
114.119.134.1 - - [10/Nov/2022:18:26:48 -0800] "GET /SEHI/?C=N%3BO%3DD HTTP/1.1" 200 350 "http://site.kooldawgtees.com/SEHI?C=S%3BO%3DA" "Mozilla/5.0 (compatible;PetalBot;+https://webmaster.petalsearch.com/site/petalbot)" "site.kooldawgtees.com"
134.160.184.6 - - [10/Nov/2022:18:28:52 -0800] "GET /yswimages/mlbdj-st-louis-cardinals-dog-jersey.jpg HTTP/1.1" 200 35229 "-" "Mozilla/5.0 (X11; Ubuntu; Linux x86_64; rv:72.0) Gecko/20100101 Firefox/72.0" "site.kooldawgtees.com"
34.23.188.69 - - [10/Nov/2022:18:52:39 -0800] "GET /yswimages/ruffweartrackjacket-blzeornge.jpg HTTP/1.1" 200 381896 "-" "Mozilla/5.0 (X11; Ubuntu; Linux x86_64; rv:72.0) Gecko/20100101 Firefox/72.0" "site.kooldawgtees.com"
170.106.193.192 - - [10/Nov/2022:19:14:04 -0800] "GET /sitebuilder/images/KOOLDAWGLOGO_X_20052-350x164.jpg HTTP/1.1" 200 10489 "-" "Mozilla/5.0 (X11; Ubuntu; Linux x86_64; rv:72.0) Gecko/20100101 Firefox/72.0" "site.kooldawgtees.com"
114.119.134.116 - - [10/Nov/2022:19:16:38 -0800] "GET /media/Thumbs.db HTTP/1.1" 200 14848 "http://site.kooldawgtees.com/media/?C=S%3BO%3DA" "Mozilla/5.0 (compatible;PetalBot;+https://webmaster.petalsearch.com/site/petalbot)" "site.kooldawgtees.com"
37.230.186.130 - - [10/Nov/2022:19:24:19 -0800] "GET /yswimages/thundershirt-blue-polo.jpg HTTP/1.1" 200 133687 "-" "Mozilla/5.0 (X11; Ubuntu; Linux x86_64; rv:72.0) Gecko/20100101 Firefox/72.0" "site.kooldawgtees.com"
47.94.240.204 - - [10/Nov/2022:19:30:43 -0800] "GET /yswimages/pecczw9413.jpg HTTP/1.1" 200 24921 "-" "Mozilla/5.0 (Macintosh; Intel Mac OS X 10_15_7) AppleWebKit/537.36 (KHTML, like Gecko) Chrome/105.0.0.0 Safari/537.36" "site.kooldawgtees.com"
35.165.12.242 - - [10/Nov/2022:19:38:36 -0800] "GET /yswimages/pecczw187.jpg HTTP/1.1" 200 72899 "-" "Mozilla/5.0 (Windows NT 10.0) AppleWebKit/537.36 (KHTML, like Gecko) Chrome/56.0.2924.87 Safari/537.36" "site.kooldawgtees.com"
40.122.227.200 - - [10/Nov/2022:20:08:25 -0800] "GET /sitebuilder/images/WOOF_NEW_SUMMER_STYLES.html-2.png HTTP/1.1" 200 1777 "http://site.kooldawgtees.com/sitebuilder/images" "Mozilla/5.0 (Windows NT 10.0; Win64; x64) AppleWebKit/537.36 (KHTML, like Gecko) Chrome/74.0.3729.157 Safari/537.36" "site.kooldawgtees.com"
50.236.177.202 - - [10/Nov/2022:20:23:00 -0800] "GET /yswimages/dallas-cowboys-football-cheerleader-outrfit-dog-dress.jpg HTTP/1.1" 200 11942 "-" "Mozilla/5.0 (X11; Ubuntu; Linux x86_64; rv:72.0) Gecko/20100101 Firefox/72.0" "site.kooldawgtees.com"
173.252.87.18 - - [10/Nov/2022:21:04:43 -0800] "GET /yswimages/pecczw38427.jpg HTTP/1.1" 200 46552 "-" "python-requests/2.25.1+fb6" "site.kooldawgtees.com"
34.23.188.69 - - [10/Nov/2022:22:37:03 -0800] "GET /yswimages/mlbdjcoloradorockies1437.jpg HTTP/1.1" 200 33579 "-" "Mozilla/5.0 (X11; Ubuntu; Linux x86_64; rv:72.0) Gecko/20100101 Firefox/72.0" "site.kooldawgtees.com"
34.23.188.69 - - [10/Nov/2022:22:40:12 -0800] "GET /yswimages/dog-clothes-monkey-business-dog-hoodie.jpg HTTP/1.1" 200 58741 "-" "Mozilla/5.0 (X11; Ubuntu; Linux x86_64; rv:72.0) Gecko/20100101 Firefox/72.0" "site.kooldawgtees.com"
34.23.188.69 - - [11/Nov/2022:00:06:45 -0800] "GET /yswimages/pecczw276.jpg HTTP/1.1" 200 54132 "-" "Mozilla/5.0 (X11; Ubuntu; Linux x86_64; rv:72.0) Gecko/20100101 Firefox/72.0" "site.kooldawgtees.com"
40.77.51.81 - - [11/Nov/2022:00:07:14 -0800] "GET /sitebuilder/images/WEDressSM-WWM-024-019s-105x96.jpg HTTP/1.1" 200 1561 "http://site.kooldawgtees.com/sitebuilder/images" "Mozilla/5.0 (Macintosh; Intel Mac OS X 10_11_6) AppleWebKit/605.1.15 (KHTML, like Gecko) Version/11.1.2 Safari/605.1.15" "site.kooldawgtees.com"
34.94.89.167 - - [11/Nov/2022:00:14:39 -0800] "GET /yswimages/thundershirt-gray.jpg HTTP/1.1" 200 50954 "-" "Mozilla/5.0 (X11; Ubuntu; Linux x86_64; rv:72.0) Gecko/20100101 Firefox/72.0" "site.kooldawgtees.com"
34.80.234.154 - - [11/Nov/2022:00:24:58 -0800] "GET /yswimages/thundershirt-gray.jpg HTTP/1.1" 200 50954 "-" "Mozilla/5.0 (X11; Ubuntu; Linux x86_64; rv:72.0) Gecko/20100101 Firefox/72.0" "site.kooldawgtees.com"
40.77.51.81 - - [11/Nov/2022:00:27:44 -0800] "GET /yswimages/mlbdjcoloradorockies1437.jpg HTTP/1.1" 200 33579 "http://site.kooldawgtees.com/yswimages" "Mozilla/5.0 (X11; Linux x86_64) AppleWebKit/537.36 (KHTML, like Gecko) Chrome/74.0.3729.169 Safari/537.36" "site.kooldawgtees.com"
34.94.89.167 - - [11/Nov/2022:00:55:40 -0800] "GET /yswimages/thundershirt-gray.jpg HTTP/1.1" 200 50954 "-" "Mozilla/5.0 (X11; Ubuntu; Linux x86_64; rv:72.0) Gecko/20100101 Firefox/72.0" "site.kooldawgtees.com"
173.252.87.119 - - [11/Nov/2022:00:58:58 -0800] "GET /yswimages/dog-clothes-monkey-business-dog-hoodie.jpg HTTP/1.1" 200 58741 "-" "python-requests/2.25.1+fb6" "site.kooldawgtees.com"
34.80.234.154 - - [11/Nov/2022:01:02:18 -0800] "GET /yswimages/pecczw187.jpg HTTP/1.1" 200 72899 "-" "Mozilla/5.0 (X11; Ubuntu; Linux x86_64; rv:72.0) Gecko/20100101 Firefox/72.0" "site.kooldawgtees.com"
34.80.234.154 - - [11/Nov/2022:01:06:07 -0800] "GET /yswimages/doggles-bckpks.jpg HTTP/1.1" 200 11879 "-" "Mozilla/5.0 (X11; Ubuntu; Linux x86_64; rv:72.0) Gecko/20100101 Firefox/72.0" "site.kooldawgtees.com"
34.80.234.154 - - [11/Nov/2022:01:08:13 -0800] "GET /yswimages/bfasqsc.jpg HTTP/1.1" 200 15719 "-" "Mozilla/5.0 (X11; Ubuntu; Linux x86_64; rv:72.0) Gecko/20100101 Firefox/72.0" "site.kooldawgtees.com"
34.80.234.154 - - [11/Nov/2022:01:09:35 -0800] "GET /yswimages/pecczw260.jpg HTTP/1.1" 200 9032 "-" "Mozilla/5.0 (X11; Ubuntu; Linux x86_64; rv:72.0) Gecko/20100101 Firefox/72.0" "site.kooldawgtees.com"
34.23.188.69 - - [11/Nov/2022:01:27:43 -0800] "GET /yswimages/dallas-cowboys-football-cheerleader-outrfit-dog-dress.jpg HTTP/1.1" 200 11942 "-" "Mozilla/5.0 (X11; Ubuntu; Linux x86_64; rv:72.0) Gecko/20100101 Firefox/72.0" "site.kooldawgtees.com"
123.57.187.164 - - [11/Nov/2022:02:17:34 -0800] "GET /yswimages/mlbdjcubs1433.jpg HTTP/1.1" 200 41453 "-" "Mozilla/5.0 (Macintosh; Intel Mac OS X 10_15_7) AppleWebKit/537.36 (KHTML, like Gecko) Chrome/105.0.0.0 Safari/537.36" "site.kooldawgtees.com"
99.42.123.205 - - [11/Nov/2022:02:25:13 -0800] "GET /yswimages/pecczw38427.jpg HTTP/1.1" 200 46552 "-" "Mozilla/5.0 (X11; Ubuntu; Linux x86_64; rv:72.0) Gecko/20100101 Firefox/72.0" "site.kooldawgtees.com"
34.94.89.167 - - [11/Nov/2022:02:31:24 -0800] "GET /yswimages/pecczw187.jpg HTTP/1.1" 200 72899 "-" "Mozilla/5.0 (X11; Ubuntu; Linux x86_64; rv:72.0) Gecko/20100101 Firefox/72.0" "site.kooldawgtees.com"
13.67.224.12 - - [11/Nov/2022:02:38:31 -0800] "GET /yswimages/ffcoatplumtastic.jpg HTTP/1.1" 200 46811 "http://site.kooldawgtees.com/yswimages" "Mozilla/5.0 (Linux; Android 10; SM-G960U) AppleWebKit/537.36 (KHTML, like Gecko) Chrome/88.0.4324.181 Mobile Safari/537.36" "site.kooldawgtees.com"
34.94.89.167 - - [11/Nov/2022:02:41:47 -0800] "GET /yswimages/doggles-bckpks.jpg HTTP/1.1" 200 11879 "-" "Mozilla/5.0 (X11; Ubuntu; Linux x86_64; rv:72.0) Gecko/20100101 Firefox/72.0" "site.kooldawgtees.com"
34.94.89.167 - - [11/Nov/2022:02:46:18 -0800] "GET /yswimages/bfasqsc.jpg HTTP/1.1" 200 15719 "-" "Mozilla/5.0 (X11; Ubuntu; Linux x86_64; rv:72.0) Gecko/20100101 Firefox/72.0" "site.kooldawgtees.com"
34.94.89.167 - - [11/Nov/2022:02:51:11 -0800] "GET /yswimages/pecczw260.jpg HTTP/1.1" 200 9032 "-" "Mozilla/5.0 (X11; Ubuntu; Linux x86_64; rv:72.0) Gecko/20100101 Firefox/72.0" "site.kooldawgtees.com"
34.23.188.69 - - [11/Nov/2022:02:57:30 -0800] "GET /yswimages/nfldj313.jpg HTTP/1.1" 200 39111 "-" "Mozilla/5.0 (X11; Ubuntu; Linux x86_64; rv:72.0) Gecko/20100101 Firefox/72.0" "site.kooldawgtees.com"
134.160.184.6 - - [11/Nov/2022:03:09:35 -0800] "GET /yswimages/nfldt765.jpg HTTP/1.1" 200 50973 "-" "Mozilla/5.0 (X11; Ubuntu; Linux x86_64; rv:72.0) Gecko/20100101 Firefox/72.0" "site.kooldawgtees.com"
20.29.110.170 - - [11/Nov/2022:03:10:14 -0800] "GET /sitebuilder/images/new_teddybearshirt-231x196.jpg HTTP/1.1" 200 7326 "http://site.kooldawgtees.com/sitebuilder/images" "Mozilla/5.0 (X11; Linux x86_64) AppleWebKit/537.36 (KHTML, like Gecko) Chrome/74.0.3729.169 Safari/537.36" "site.kooldawgtees.com"
34.23.188.69 - - [11/Nov/2022:03:45:34 -0800] "GET /yswimages/bfassfh.jpg HTTP/1.1" 200 10882 "-" "Mozilla/5.0 (X11; Ubuntu; Linux x86_64; rv:72.0) Gecko/20100101 Firefox/72.0" "site.kooldawgtees.com"
216.244.66.234 - - [11/Nov/2022:04:00:37 -0800] "GET /robots.txt HTTP/1.1" 200 43 "-" "Mozilla/5.0 (compatible; DotBot/1.2; +https://opensiteexplorer.org/dotbot; help@moz.com)" "site.kooldawgtees.com"
216.244.66.234 - - [11/Nov/2022:05:42:24 -0800] "GET /robots.txt HTTP/1.1" 200 43 "-" "Mozilla/5.0 (compatible; DotBot/1.2; +https://opensiteexplorer.org/dotbot; help@moz.com)" "site.kooldawgtees.com"
34.23.188.69 - - [11/Nov/2022:08:36:18 -0800] "GET /yswimages/mlbdj-st-louis-cardinals-dog-jersey.jpg HTTP/1.1" 200 35229 "-" "Mozilla/5.0 (X11; Ubuntu; Linux x86_64; rv:72.0) Gecko/20100101 Firefox/72.0" "site.kooldawgtees.com"
34.23.188.69 - - [11/Nov/2022:09:00:17 -0800] "GET /yswimages/nfldt765.jpg HTTP/1.1" 200 50973 "-" "Mozilla/5.0 (X11; Ubuntu; Linux x86_64; rv:72.0) Gecko/20100101 Firefox/72.0" "site.kooldawgtees.com"
114.119.133.89 - - [11/Nov/2022:09:00:55 -0800] "GET /sitebuilder/applets?C=S%3BO%3DA HTTP/1.1" 301 1432 "http://site.kooldawgtees.com/sitebuilder/applets" "Mozilla/5.0 (compatible;PetalBot;+https://webmaster.petalsearch.com/site/petalbot)" "site.kooldawgtees.com"
114.119.133.89 - - [11/Nov/2022:09:00:55 -0800] "GET /sitebuilder/applets/?C=S%3BO%3DA HTTP/1.1" 200 378 "http://site.kooldawgtees.com/sitebuilder/applets" "Mozilla/5.0 (compatible;PetalBot;+https://webmaster.petalsearch.com/site/petalbot)" "site.kooldawgtees.com"
114.119.133.89 - - [11/Nov/2022:09:12:36 -0800] "GET /dickies-medical-uniforms/navigation_bars/?C=N%3BO%3DD HTTP/1.1" 200 340 "http://site.kooldawgtees.com/dickies-medical-uniforms/navigation_bars/?C=M%3BO%3DA" "Mozilla/5.0 (compatible;PetalBot;+https://webmaster.petalsearch.com/site/petalbot)" "site.kooldawgtees.com"
114.119.138.177 - - [11/Nov/2022:09:16:29 -0800] "GET /robots.txt HTTP/1.1" 200 59 "-" "Mozilla/5.0 (compatible;PetalBot;+https://webmaster.petalsearch.com/site/petalbot)" "site.kooldawgtees.com"
39.106.33.10 - - [11/Nov/2022:09:31:08 -0800] "GET /yswimages/pecczw530.jpg HTTP/1.1" 200 11593 "-" "Mozilla/5.0 (Macintosh; Intel Mac OS X 10_15_7) AppleWebKit/537.36 (KHTML, like Gecko) Chrome/105.0.0.0 Safari/537.36" "site.kooldawgtees.com"
114.119.145.56 - - [11/Nov/2022:09:43:10 -0800] "GET /robots.txt HTTP/1.1" 200 59 "-" "Mozilla/5.0 (compatible;PetalBot;+https://webmaster.petalsearch.com/site/petalbot)" "site.kooldawgtees.com"
99.42.123.205 - - [11/Nov/2022:09:50:38 -0800] "GET /yswimages/nfldj335.jpg HTTP/1.1" 200 41883 "-" "Mozilla/5.0 (X11; Ubuntu; Linux x86_64; rv:72.0) Gecko/20100101 Firefox/72.0" "site.kooldawgtees.com"
183.230.163.195 - - [11/Nov/2022:10:29:39 -0800] "GET /yswimages/pecczw38427.jpg HTTP/1.1" 200 46552 "-" "Mozilla/5.0 (X11; Ubuntu; Linux x86_64; rv:72.0) Gecko/20100101 Firefox/72.0" "site.kooldawgtees.com"
34.23.188.69 - - [11/Nov/2022:10:46:31 -0800] "GET /yswimages/pet-studio-ramp-steps-two-step.jpg HTTP/1.1" 200 66726 "-" "Mozilla/5.0 (X11; Ubuntu; Linux x86_64; rv:72.0) Gecko/20100101 Firefox/72.0" "site.kooldawgtees.com"
34.23.188.69 - - [11/Nov/2022:10:52:24 -0800] "GET /yswimages/ruffweark9overcoatredcur.jpg HTTP/1.1" 200 173217 "-" "Mozilla/5.0 (X11; Ubuntu; Linux x86_64; rv:72.0) Gecko/20100101 Firefox/72.0" "site.kooldawgtees.com"
34.23.188.69 - - [11/Nov/2022:10:55:22 -0800] "GET /yswimages/doggles-pcmd.jpg HTTP/1.1" 200 17282 "-" "Mozilla/5.0 (X11; Ubuntu; Linux x86_64; rv:72.0) Gecko/20100101 Firefox/72.0" "site.kooldawgtees.com"
34.23.188.69 - - [11/Nov/2022:10:57:27 -0800] "GET /yswimages/pecczwcc-sweat-spkletree.jpg HTTP/1.1" 200 99211 "-" "Mozilla/5.0 (X11; Ubuntu; Linux x86_64; rv:72.0) Gecko/20100101 Firefox/72.0" "site.kooldawgtees.com"
34.23.188.69 - - [11/Nov/2022:11:02:37 -0800] "GET /yswimages/mlbdjcubs1433.jpg HTTP/1.1" 200 41453 "-" "Mozilla/5.0 (X11; Ubuntu; Linux x86_64; rv:72.0) Gecko/20100101 Firefox/72.0" "site.kooldawgtees.com"
34.23.188.69 - - [11/Nov/2022:11:06:57 -0800] "GET /yswimages/highlands-bed.jpg HTTP/1.1" 200 100692 "-" "Mozilla/5.0 (X11; Ubuntu; Linux x86_64; rv:72.0) Gecko/20100101 Firefox/72.0" "site.kooldawgtees.com"
34.23.188.69 - - [11/Nov/2022:11:33:14 -0800] "GET /yswimages/peccza630.jpg HTTP/1.1" 200 8941 "-" "Mozilla/5.0 (X11; Ubuntu; Linux x86_64; rv:72.0) Gecko/20100101 Firefox/72.0" "site.kooldawgtees.com"
39.105.9.241 - - [11/Nov/2022:11:33:40 -0800] "GET /yswimages/lat3902-3xdoggie-tank.jpg HTTP/1.1" 200 6110 "-" "Mozilla/5.0 (Macintosh; Intel Mac OS X 10_15_7) AppleWebKit/537.36 (KHTML, like Gecko) Chrome/105.0.0.0 Safari/537.36" "site.kooldawgtees.com"
34.94.89.167 - - [11/Nov/2022:11:49:40 -0800] "GET /yswimages/thundershirt-gray.jpg HTTP/1.1" 200 50954 "-" "Mozilla/5.0 (X11; Ubuntu; Linux x86_64; rv:72.0) Gecko/20100101 Firefox/72.0" "site.kooldawgtees.com"
59.110.156.203 - - [11/Nov/2022:11:54:45 -0800] "GET /yswimages/wooftmc044225.jpg HTTP/1.1" 200 7586 "-" "Mozilla/5.0 (Macintosh; Intel Mac OS X 10_15_7) AppleWebKit/537.36 (KHTML, like Gecko) Chrome/105.0.0.0 Safari/537.36" "site.kooldawgtees.com"
34.23.188.69 - - [11/Nov/2022:12:36:43 -0800] "GET /yswimages/mlbvdjac1305.jpg HTTP/1.1" 200 36353 "-" "Mozilla/5.0 (X11; Ubuntu; Linux x86_64; rv:72.0) Gecko/20100101 Firefox/72.0" "site.kooldawgtees.com"
34.23.188.69 - - [11/Nov/2022:13:16:15 -0800] "GET /yswimages/thundershirt-blue-polo.jpg HTTP/1.1" 200 133687 "-" "Mozilla/5.0 (X11; Ubuntu; Linux x86_64; rv:72.0) Gecko/20100101 Firefox/72.0" "site.kooldawgtees.com"
37.230.186.130 - - [11/Nov/2022:13:18:35 -0800] "GET /yswimages/pecczw276.jpg HTTP/1.1" 200 54132 "-" "Mozilla/5.0 (X11; Ubuntu; Linux x86_64; rv:72.0) Gecko/20100101 Firefox/72.0" "site.kooldawgtees.com"
34.94.89.167 - - [11/Nov/2022:13:28:31 -0800] "GET /yswimages/pecczw187.jpg HTTP/1.1" 200 72899 "-" "Mozilla/5.0 (X11; Ubuntu; Linux x86_64; rv:72.0) Gecko/20100101 Firefox/72.0" "site.kooldawgtees.com"
34.94.89.167 - - [11/Nov/2022:13:39:19 -0800] "GET /yswimages/doggles-bckpks.jpg HTTP/1.1" 200 11879 "-" "Mozilla/5.0 (X11; Ubuntu; Linux x86_64; rv:72.0) Gecko/20100101 Firefox/72.0" "site.kooldawgtees.com"
34.94.89.167 - - [11/Nov/2022:13:43:43 -0800] "GET /yswimages/bfasqsc.jpg HTTP/1.1" 200 15719 "-" "Mozilla/5.0 (X11; Ubuntu; Linux x86_64; rv:72.0) Gecko/20100101 Firefox/72.0" "site.kooldawgtees.com"
35.186.71.40 - - [11/Nov/2022:13:45:46 -0800] "GET /yswimages/thundershirt-gray.jpg HTTP/1.1" 200 50954 "-" "Mozilla/5.0 (X11; Ubuntu; Linux x86_64; rv:72.0) Gecko/20100101 Firefox/72.0" "site.kooldawgtees.com"
34.94.89.167 - - [11/Nov/2022:13:48:41 -0800] "GET /yswimages/pecczw260.jpg HTTP/1.1" 200 9032 "-" "Mozilla/5.0 (X11; Ubuntu; Linux x86_64; rv:72.0) Gecko/20100101 Firefox/72.0" "site.kooldawgtees.com"
37.230.186.130 - - [11/Nov/2022:14:28:27 -0800] "GET /yswimages/ruffweartrackjacket-blzeornge.jpg HTTP/1.1" 200 381896 "-" "Mozilla/5.0 (X11; Ubuntu; Linux x86_64; rv:72.0) Gecko/20100101 Firefox/72.0" "site.kooldawgtees.com"
47.93.177.104 - - [11/Nov/2022:14:47:47 -0800] "GET /yswimages/nfldj313.jpg HTTP/1.1" 200 39111 "-" "Mozilla/5.0 (Macintosh; Intel Mac OS X 10_15_7) AppleWebKit/537.36 (KHTML, like Gecko) Chrome/105.0.0.0 Safari/537.36" "site.kooldawgtees.com"
40.77.51.81 - - [11/Nov/2022:16:22:59 -0800] "GET /sitebuilder/images/WOOF_LARGE_TMC-044-225l-270x135_1_-190x80.jpg HTTP/1.1" 200 3172 "http://site.kooldawgtees.com/sitebuilder/images" "Mozilla/5.0 (iPhone; CPU iPhone OS 13_5_1 like Mac OS X) AppleWebKit/605.1.15 (KHTML, like Gecko) Version/13.1.1 Mobile/15E148 Safari/604.1" "site.kooldawgtees.com"
95.163.255.229 - - [11/Nov/2022:16:48:24 -0800] "GET /robots.txt HTTP/1.1" 200 43 "-" "Mozilla/5.0 (compatible; Linux x86_64; Mail.RU_Bot/2.0; +https://help.mail.ru/webmaster/indexing/robots)" "site.kooldawgtees.com"
95.163.255.226 - - [11/Nov/2022:16:48:25 -0800] "GET / HTTP/1.1" 200 833 "-" "Mozilla/5.0 (compatible; Linux x86_64; Mail.RU_Bot/2.0; +https://help.mail.ru/webmaster/indexing/robots)" "site.kooldawgtees.com"
192.169.107.250 - - [11/Nov/2022:16:50:30 -0800] "GET /yswimages/premierpetrab.jpg HTTP/1.1" 200 5003 "-" "Wget/1.21.3" "site.kooldawgtees.com"
34.23.188.69 - - [11/Nov/2022:16:53:58 -0800] "GET /yswimages/premierpetrab.jpg HTTP/1.1" 200 5003 "-" "Mozilla/5.0 (X11; Ubuntu; Linux x86_64; rv:72.0) Gecko/20100101 Firefox/72.0" "site.kooldawgtees.com"
54.189.246.46 - - [11/Nov/2022:17:07:51 -0800] "GET /yswimages/thundershirt-gray.jpg HTTP/1.1" 200 50954 "-" "Mozilla/5.0 (X11; Ubuntu; Linux x86_64; rv:72.0) Gecko/20100101 Firefox/72.0" "site.kooldawgtees.com"
34.23.188.69 - - [11/Nov/2022:18:10:28 -0800] "GET /yswimages/dog-clothes-tiff-monkey-business-dog-jackets.jpg HTTP/1.1" 200 68651 "-" "Mozilla/5.0 (X11; Ubuntu; Linux x86_64; rv:72.0) Gecko/20100101 Firefox/72.0" "site.kooldawgtees.com"
114.119.133.98 - - [11/Nov/2022:18:47:39 -0800] "GET /sitebuilder/applets?C=S%3BO%3DA HTTP/1.1" 301 1432 "http://site.kooldawgtees.com/sitebuilder/applets" "Mozilla/5.0 (compatible;PetalBot;+https://webmaster.petalsearch.com/site/petalbot)" "site.kooldawgtees.com"
114.119.133.89 - - [11/Nov/2022:18:50:10 -0800] "GET /dickies-medical-uniforms/navigation_bars/?C=N%3BO%3DD HTTP/1.1" 200 340 "http://site.kooldawgtees.com/dickies-medical-uniforms/navigation_bars/?C=M%3BO%3DA" "Mozilla/5.0 (compatible;PetalBot;+https://webmaster.petalsearch.com/site/petalbot)" "site.kooldawgtees.com"
114.119.133.98 - - [11/Nov/2022:18:57:36 -0800] "GET /sitebuilder/scripts?C=N%3BO%3DD HTTP/1.1" 301 1432 "http://site.kooldawgtees.com/sitebuilder/scripts?C=D%3BO%3DA" "Mozilla/5.0 (compatible;PetalBot;+https://webmaster.petalsearch.com/site/petalbot)" "site.kooldawgtees.com"
114.119.133.98 - - [11/Nov/2022:18:57:37 -0800] "GET /sitebuilder/scripts/?C=N%3BO%3DD HTTP/1.1" 200 371 "http://site.kooldawgtees.com/sitebuilder/scripts?C=D%3BO%3DA" "Mozilla/5.0 (compatible;PetalBot;+https://webmaster.petalsearch.com/site/petalbot)" "site.kooldawgtees.com"
114.119.134.116 - - [11/Nov/2022:19:00:29 -0800] "GET /sitebuilder/images?C=D%3BO%3DA HTTP/1.1" 301 1431 "http://site.kooldawgtees.com/sitebuilder/images?C=N%3BO%3DD" "Mozilla/5.0 (compatible;PetalBot;+https://webmaster.petalsearch.com/site/petalbot)" "site.kooldawgtees.com"
114.119.134.116 - - [11/Nov/2022:19:00:30 -0800] "GET /sitebuilder/images/?C=D%3BO%3DA HTTP/1.1" 200 323 "http://site.kooldawgtees.com/sitebuilder/images?C=N%3BO%3DD" "Mozilla/5.0 (compatible;PetalBot;+https://webmaster.petalsearch.com/site/petalbot)" "site.kooldawgtees.com"
114.119.133.85 - - [11/Nov/2022:19:05:52 -0800] "GET /sitebuilder?C=N%3BO%3DD HTTP/1.1" 301 1426 "http://site.kooldawgtees.com/sitebuilder?C=D%3BO%3DA" "Mozilla/5.0 (compatible;PetalBot;+https://webmaster.petalsearch.com/site/petalbot)" "site.kooldawgtees.com"
114.119.133.85 - - [11/Nov/2022:19:05:52 -0800] "GET /sitebuilder/?C=N%3BO%3DD HTTP/1.1" 200 600 "http://site.kooldawgtees.com/sitebuilder?C=D%3BO%3DA" "Mozilla/5.0 (compatible;PetalBot;+https://webmaster.petalsearch.com/site/petalbot)" "site.kooldawgtees.com"
114.119.133.89 - - [11/Nov/2022:19:31:41 -0800] "GET /clipart/photos/objects?C=S%3BO%3DA HTTP/1.1" 301 1435 "http://site.kooldawgtees.com/clipart/photos/objects?C=D%3BO%3DA" "Mozilla/5.0 (compatible;PetalBot;+https://webmaster.petalsearch.com/site/petalbot)" "site.kooldawgtees.com"
114.119.133.89 - - [11/Nov/2022:19:31:42 -0800] "GET /clipart/photos/objects/?C=S%3BO%3DA HTTP/1.1" 200 404 "http://site.kooldawgtees.com/clipart/photos/objects?C=D%3BO%3DA" "Mozilla/5.0 (compatible;PetalBot;+https://webmaster.petalsearch.com/site/petalbot)" "site.kooldawgtees.com"
114.119.133.89 - - [11/Nov/2022:19:54:58 -0800] "GET /clipart/buttons/paypal/buy_now/?C=N%3BO%3DD HTTP/1.1" 200 405 "http://site.kooldawgtees.com/clipart/buttons/paypal/buy_now" "Mozilla/5.0 (compatible;PetalBot;+https://webmaster.petalsearch.com/site/petalbot)" "site.kooldawgtees.com"
54.189.246.46 - - [11/Nov/2022:20:08:44 -0800] "GET /yswimages/bfasqsc.jpg HTTP/1.1" 200 15719 "-" "Mozilla/5.0 (X11; Ubuntu; Linux x86_64; rv:72.0) Gecko/20100101 Firefox/72.0" "site.kooldawgtees.com"
54.189.246.46 - - [11/Nov/2022:20:23:59 -0800] "GET /yswimages/pecczw260.jpg HTTP/1.1" 200 9032 "-" "Mozilla/5.0 (X11; Ubuntu; Linux x86_64; rv:72.0) Gecko/20100101 Firefox/72.0" "site.kooldawgtees.com"
34.23.188.69 - - [11/Nov/2022:20:25:44 -0800] "GET /yswimages/flophouse-foam-pad.jpg HTTP/1.1" 200 153512 "-" "Mozilla/5.0 (X11; Ubuntu; Linux x86_64; rv:72.0) Gecko/20100101 Firefox/72.0" "site.kooldawgtees.com"
114.119.133.85 - - [11/Nov/2022:20:29:50 -0800] "GET /clipart?C=S%3BO%3DA HTTP/1.1" 301 1425 "http://site.kooldawgtees.com/clipart?C=N%3BO%3DD" "Mozilla/5.0 (compatible;PetalBot;+https://webmaster.petalsearch.com/site/petalbot)" "site.kooldawgtees.com"
114.119.133.85 - - [11/Nov/2022:20:29:51 -0800] "GET /clipart/?C=S%3BO%3DA HTTP/1.1" 200 487 "http://site.kooldawgtees.com/clipart?C=N%3BO%3DD" "Mozilla/5.0 (compatible;PetalBot;+https://webmaster.petalsearch.com/site/petalbot)" "site.kooldawgtees.com"
20.12.191.73 - - [11/Nov/2022:20:32:45 -0800] "GET /yswimages/monsterpulls01.jpg HTTP/1.1" 200 31919 "http://site.kooldawgtees.com/yswimages" "Mozilla/5.0 (iPhone; CPU iPhone OS 13_5_1 like Mac OS X) AppleWebKit/605.1.15 (KHTML, like Gecko) Version/13.1.1 Mobile/15E148 Safari/604.1" "site.kooldawgtees.com"
114.119.134.116 - - [11/Nov/2022:20:34:04 -0800] "GET /clipart/bullets/arrows/?C=S%3BO%3DA HTTP/1.1" 200 465 "http://site.kooldawgtees.com/clipart/bullets/arrows/?C=D%3BO%3DA" "Mozilla/5.0 (compatible;PetalBot;+https://webmaster.petalsearch.com/site/petalbot)" "site.kooldawgtees.com"
114.119.133.87 - - [11/Nov/2022:20:41:09 -0800] "GET /applets/ HTTP/1.1" 200 313 "http://site.kooldawgtees.com/" "Mozilla/5.0 (compatible;PetalBot;+https://webmaster.petalsearch.com/site/petalbot)" "site.kooldawgtees.com"
34.23.188.69 - - [11/Nov/2022:20:46:29 -0800] "GET /yswimages/dogglesk9optix.jpg HTTP/1.1" 200 7528 "-" "Mozilla/5.0 (X11; Ubuntu; Linux x86_64; rv:72.0) Gecko/20100101 Firefox/72.0" "site.kooldawgtees.com"
34.94.89.167 - - [11/Nov/2022:21:06:59 -0800] "GET /yswimages/dog-clothes-ty-monkey-business-dog-jackets.jpg HTTP/1.1" 200 59018 "-" "Mozilla/5.0 (X11; Ubuntu; Linux x86_64; rv:72.0) Gecko/20100101 Firefox/72.0" "site.kooldawgtees.com"
114.119.133.98 - - [11/Nov/2022:21:49:17 -0800] "GET /dickies-medical-uniforms/sitebuilder/images/?C=N%3BO%3DD HTTP/1.1" 200 386 "http://site.kooldawgtees.com/dickies-medical-uniforms/sitebuilder/images?C=M%3BO%3DA" "Mozilla/5.0 (compatible;PetalBot;+https://webmaster.petalsearch.com/site/petalbot)" "site.kooldawgtees.com"
34.94.89.167 - - [11/Nov/2022:23:10:31 -0800] "GET /yswimages/pecczw530.jpg HTTP/1.1" 200 11593 "-" "Mozilla/5.0 (X11; Ubuntu; Linux x86_64; rv:72.0) Gecko/20100101 Firefox/72.0" "site.kooldawgtees.com"
13.67.224.12 - - [11/Nov/2022:23:37:51 -0800] "GET /sitebuilder/images/US65983b-PE307-122x113.jpg HTTP/1.1" 200 2797 "http://site.kooldawgtees.com/sitebuilder/images" "Mozilla/5.0 (Windows NT 10.0; Win64; x64) AppleWebKit/537.36 (KHTML, like Gecko) Chrome/74.0.3729.157 Safari/537.36" "site.kooldawgtees.com"
20.29.110.170 - - [11/Nov/2022:23:55:55 -0800] "GET /yswimages/pet-studio-ramp-steps-two-step.jpg HTTP/1.1" 200 66726 "http://site.kooldawgtees.com/yswimages" "Mozilla/5.0 (iPhone; CPU iPhone OS 13_5_1 like Mac OS X) AppleWebKit/605.1.15 (KHTML, like Gecko) Version/13.1.1 Mobile/15E148 Safari/604.1" "site.kooldawgtees.com"
95.217.109.26 - - [12/Nov/2022:00:52:08 -0800] "GET /robots.txt HTTP/1.1" 200 43 "-" "Mozilla/5.0 (compatible; MJ12bot/v1.4.8; http://mj12bot.com/)" "site.kooldawgtees.com"
95.217.109.26 - - [12/Nov/2022:00:52:09 -0800] "GET /clipart/backgrounds/?C=D;O=D HTTP/1.1" 200 393 "-" "Mozilla/5.0 (compatible; MJ12bot/v1.4.8; http://mj12bot.com/)" "site.kooldawgtees.com"
95.217.109.26 - - [12/Nov/2022:00:52:11 -0800] "GET /clipart/backgrounds/?C=M;O=D HTTP/1.1" 200 393 "-" "Mozilla/5.0 (compatible; MJ12bot/v1.4.8; http://mj12bot.com/)" "site.kooldawgtees.com"
95.217.109.26 - - [12/Nov/2022:00:52:13 -0800] "GET /clipart/backgrounds/?C=N;O=A HTTP/1.1" 200 396 "-" "Mozilla/5.0 (compatible; MJ12bot/v1.4.8; http://mj12bot.com/)" "site.kooldawgtees.com"
95.217.109.26 - - [12/Nov/2022:00:52:15 -0800] "GET /clipart/backgrounds/?C=S;O=D HTTP/1.1" 200 393 "-" "Mozilla/5.0 (compatible; MJ12bot/v1.4.8; http://mj12bot.com/)" "site.kooldawgtees.com"
159.75.102.74 - - [12/Nov/2022:01:09:56 -0800] "GET /yswimages/pet-studio-ramp-steps-two-step.jpg HTTP/1.1" 200 66726 "-" "Mozilla/5.0 (X11; Ubuntu; Linux x86_64; rv:72.0) Gecko/20100101 Firefox/72.0" "site.kooldawgtees.com"
134.160.184.6 - - [12/Nov/2022:01:19:41 -0800] "GET /yswimages/pet-studio-ramp-steps-two-step.jpg HTTP/1.1" 200 66726 "-" "Mozilla/5.0 (X11; Ubuntu; Linux x86_64; rv:72.0) Gecko/20100101 Firefox/72.0" "site.kooldawgtees.com"
34.94.89.167 - - [12/Nov/2022:01:32:49 -0800] "GET /yswimages/pecczw275.jpg HTTP/1.1" 200 18474 "-" "Mozilla/5.0 (X11; Ubuntu; Linux x86_64; rv:72.0) Gecko/20100101 Firefox/72.0" "site.kooldawgtees.com"
216.244.66.234 - - [12/Nov/2022:02:00:32 -0800] "GET /robots.txt HTTP/1.1" 200 43 "-" "Mozilla/5.0 (compatible; DotBot/1.2; +https://opensiteexplorer.org/dotbot; help@moz.com)" "site.kooldawgtees.com"
59.110.7.17 - - [12/Nov/2022:02:05:46 -0800] "GET /yswimages/dog-clothes-tiff-monkey-business-dog-jackets.jpg HTTP/1.1" 200 68651 "-" "Mozilla/5.0 (Macintosh; Intel Mac OS X 10_15_7) AppleWebKit/537.36 (KHTML, like Gecko) Chrome/105.0.0.0 Safari/537.36" "site.kooldawgtees.com"
34.94.89.167 - - [12/Nov/2022:03:01:05 -0800] "GET /yswimages/nflds1717.jpg HTTP/1.1" 200 48861 "-" "Mozilla/5.0 (X11; Ubuntu; Linux x86_64; rv:72.0) Gecko/20100101 Firefox/72.0" "site.kooldawgtees.com"
47.94.255.204 - - [12/Nov/2022:03:31:06 -0800] "GET /yswimages/dogglesk9optix.jpg HTTP/1.1" 200 7528 "-" "Mozilla/5.0 (Macintosh; Intel Mac OS X 10_15_7) AppleWebKit/537.36 (KHTML, like Gecko) Chrome/105.0.0.0 Safari/537.36" "site.kooldawgtees.com"
34.94.89.167 - - [12/Nov/2022:03:45:06 -0800] "GET /yswimages/pecczw20072.jpg HTTP/1.1" 200 41030 "-" "Mozilla/5.0 (X11; Ubuntu; Linux x86_64; rv:72.0) Gecko/20100101 Firefox/72.0" "site.kooldawgtees.com"
34.94.89.167 - - [12/Nov/2022:03:59:34 -0800] "GET /yswimages/dog-clothes-monkey-business-dog-sweaters.jpg HTTP/1.1" 200 47345 "-" "Mozilla/5.0 (X11; Ubuntu; Linux x86_64; rv:72.0) Gecko/20100101 Firefox/72.0" "site.kooldawgtees.com"
40.86.101.165 - - [12/Nov/2022:04:00:31 -0800] "GET /yswimages/pecczwcc-sweat-spkletree.jpg HTTP/1.1" 200 99211 "http://site.kooldawgtees.com/yswimages" "Mozilla/5.0 (iPhone; CPU iPhone OS 13_5_1 like Mac OS X) AppleWebKit/605.1.15 (KHTML, like Gecko) Version/13.1.1 Mobile/15E148 Safari/604.1" "site.kooldawgtees.com"
39.106.93.94 - - [12/Nov/2022:04:05:44 -0800] "GET /yswimages/pet-studio-ramp-steps-two-step.jpg HTTP/1.1" 200 66726 "-" "Mozilla/5.0 (Macintosh; Intel Mac OS X 10_15_7) AppleWebKit/537.36 (KHTML, like Gecko) Chrome/105.0.0.0 Safari/537.36" "site.kooldawgtees.com"
13.67.224.12 - - [12/Nov/2022:04:11:43 -0800] "GET /yswimages/mlbdjcubs1433.jpg HTTP/1.1" 200 41453 "http://site.kooldawgtees.com/yswimages" "Mozilla/5.0 (Linux; Android 10; SM-G960U) AppleWebKit/537.36 (KHTML, like Gecko) Chrome/88.0.4324.181 Mobile Safari/537.36" "site.kooldawgtees.com"
114.119.133.85 - - [12/Nov/2022:04:29:20 -0800] "GET /clipart/buttons/paypal/buy_now/ HTTP/1.1" 200 405 "http://site.kooldawgtees.com/clipart/buttons/paypal?C=M%3BO%3DA" "Mozilla/5.0 (compatible;PetalBot;+https://webmaster.petalsearch.com/site/petalbot)" "site.kooldawgtees.com"
20.29.110.168 - - [12/Nov/2022:04:31:15 -0800] "GET /yswimages/nfldogcollarsleashes.jpg HTTP/1.1" 200 34527 "http://site.kooldawgtees.com/yswimages" "Mozilla/5.0 (Windows NT 10.0; Win64; x64) AppleWebKit/537.36 (KHTML, like Gecko) Chrome/74.0.3729.157 Safari/537.36" "site.kooldawgtees.com"
59.110.156.203 - - [12/Nov/2022:04:33:24 -0800] "GET /yswimages/pecczw276.jpg HTTP/1.1" 200 54132 "-" "Mozilla/5.0 (Macintosh; Intel Mac OS X 10_15_7) AppleWebKit/537.36 (KHTML, like Gecko) Chrome/105.0.0.0 Safari/537.36" "site.kooldawgtees.com"
114.119.133.89 - - [12/Nov/2022:04:41:14 -0800] "GET /dickies-medical-uniforms/sitebuilder/images HTTP/1.1" 301 1434 "http://site.kooldawgtees.com/dickies-medical-uniforms/sitebuilder?C=S%3BO%3DA" "Mozilla/5.0 (compatible;PetalBot;+https://webmaster.petalsearch.com/site/petalbot)" "site.kooldawgtees.com"
114.119.133.89 - - [12/Nov/2022:04:41:15 -0800] "GET /dickies-medical-uniforms/sitebuilder/images/ HTTP/1.1" 200 386 "http://site.kooldawgtees.com/dickies-medical-uniforms/sitebuilder?C=S%3BO%3DA" "Mozilla/5.0 (compatible;PetalBot;+https://webmaster.petalsearch.com/site/petalbot)" "site.kooldawgtees.com"
114.119.133.87 - - [12/Nov/2022:04:43:03 -0800] "GET /clipart/buttons/paypal?C=S%3BO%3DA HTTP/1.1" 301 1436 "http://site.kooldawgtees.com/clipart/buttons/paypal?C=D%3BO%3DA" "Mozilla/5.0 (compatible;PetalBot;+https://webmaster.petalsearch.com/site/petalbot)" "site.kooldawgtees.com"
114.119.133.87 - - [12/Nov/2022:04:43:03 -0800] "GET /clipart/buttons/paypal/?C=S%3BO%3DA HTTP/1.1" 200 367 "http://site.kooldawgtees.com/clipart/buttons/paypal?C=D%3BO%3DA" "Mozilla/5.0 (compatible;PetalBot;+https://webmaster.petalsearch.com/site/petalbot)" "site.kooldawgtees.com"
114.119.133.85 - - [12/Nov/2022:04:48:23 -0800] "GET /media/ HTTP/1.1" 200 553 "http://site.kooldawgtees.com/" "Mozilla/5.0 (compatible;PetalBot;+https://webmaster.petalsearch.com/site/petalbot)" "site.kooldawgtees.com"
114.119.133.98 - - [12/Nov/2022:04:52:03 -0800] "GET /clipart/buttons/themes/glow HTTP/1.1" 301 1425 "http://site.kooldawgtees.com/clipart/buttons/themes?C=N%3BO%3DD" "Mozilla/5.0 (compatible;PetalBot;+https://webmaster.petalsearch.com/site/petalbot)" "site.kooldawgtees.com"
114.119.133.98 - - [12/Nov/2022:04:52:05 -0800] "GET /clipart/buttons/themes/glow/ HTTP/1.1" 200 419 "http://site.kooldawgtees.com/clipart/buttons/themes?C=N%3BO%3DD" "Mozilla/5.0 (compatible;PetalBot;+https://webmaster.petalsearch.com/site/petalbot)" "site.kooldawgtees.com"
40.122.230.188 - - [12/Nov/2022:05:04:58 -0800] "GET /sitebuilder/images/ASU-024-023m-64x120.jpg HTTP/1.1" 200 2950 "http://site.kooldawgtees.com/sitebuilder/images" "Mozilla/5.0 (Linux; Android 10; SM-G960U) AppleWebKit/537.36 (KHTML, like Gecko) Chrome/88.0.4324.181 Mobile Safari/537.36" "site.kooldawgtees.com"
40.122.230.188 - - [12/Nov/2022:05:31:00 -0800] "GET /yswimages/thundershirt-blue-polo.jpg HTTP/1.1" 200 133687 "http://site.kooldawgtees.com/yswimages" "Mozilla/5.0 (Macintosh; Intel Mac OS X 10_11_6) AppleWebKit/605.1.15 (KHTML, like Gecko) Version/11.1.2 Safari/605.1.15" "site.kooldawgtees.com"
190.92.243.63 - - [12/Nov/2022:05:40:15 -0800] "GET /yswimages/bfassfh.jpg HTTP/1.1" 200 10882 "-" "Mozilla/5.0 (Windows NT 10.0; Win64; x64) AppleWebKit/537.36 (KHTML, like Gecko) Chrome/54.0.2840.99 Safari/537.36" "site.kooldawgtees.com"
190.92.243.63 - - [12/Nov/2022:05:40:17 -0800] "GET /yswimages/bfassfh.jpg HTTP/1.1" 200 10882 "-" "Mozilla/5.0 (Windows NT 10.0; Win64; x64) AppleWebKit/537.36 (KHTML, like Gecko) Chrome/54.0.2840.99 Safari/537.36" "site.kooldawgtees.com"
190.92.243.63 - - [12/Nov/2022:05:40:19 -0800] "GET /yswimages/bfassfh.jpg HTTP/1.1" 200 10882 "-" "Mozilla/5.0 (Windows NT 10.0; Win64; x64) AppleWebKit/537.36 (KHTML, like Gecko) Chrome/54.0.2840.99 Safari/537.36" "site.kooldawgtees.com"
134.160.184.6 - - [12/Nov/2022:05:52:06 -0800] "GET /yswimages/doggles-pcmd.jpg HTTP/1.1" 200 17282 "-" "Mozilla/5.0 (X11; Ubuntu; Linux x86_64; rv:72.0) Gecko/20100101 Firefox/72.0" "site.kooldawgtees.com"
40.86.101.164 - - [12/Nov/2022:06:02:19 -0800] "GET /yswimages/fidofleececoatangel.jpg HTTP/1.1" 200 21581 "http://site.kooldawgtees.com/yswimages" "Mozilla/5.0 (Windows NT 10.0; Win64; x64) AppleWebKit/537.36 (KHTML, like Gecko) Chrome/74.0.3729.157 Safari/537.36" "site.kooldawgtees.com"
134.160.184.6 - - [12/Nov/2022:06:13:35 -0800] "GET /yswimages/ruffweark9overcoatredcur.jpg HTTP/1.1" 200 173217 "-" "Mozilla/5.0 (X11; Ubuntu; Linux x86_64; rv:72.0) Gecko/20100101 Firefox/72.0" "site.kooldawgtees.com"
134.160.184.6 - - [12/Nov/2022:06:50:22 -0800] "GET /yswimages/mlbdjcubs1433.jpg HTTP/1.1" 200 41453 "-" "Mozilla/5.0 (X11; Ubuntu; Linux x86_64; rv:72.0) Gecko/20100101 Firefox/72.0" "site.kooldawgtees.com"
134.160.184.6 - - [12/Nov/2022:07:21:36 -0800] "GET /yswimages/pecczwcc-sweat-spkletree.jpg HTTP/1.1" 200 99211 "-" "Mozilla/5.0 (X11; Ubuntu; Linux x86_64; rv:72.0) Gecko/20100101 Firefox/72.0" "site.kooldawgtees.com"
39.107.245.46 - - [12/Nov/2022:07:27:40 -0800] "GET /yswimages/mlbdjcoloradorockies1437.jpg HTTP/1.1" 200 33579 "-" "Mozilla/5.0 (Macintosh; Intel Mac OS X 10_15_7) AppleWebKit/537.36 (KHTML, like Gecko) Chrome/105.0.0.0 Safari/537.36" "site.kooldawgtees.com"
39.107.245.46 - - [12/Nov/2022:07:33:16 -0800] "GET /yswimages/pecczw588.jpg HTTP/1.1" 200 12973 "-" "Mozilla/5.0 (Macintosh; Intel Mac OS X 10_15_7) AppleWebKit/537.36 (KHTML, like Gecko) Chrome/105.0.0.0 Safari/537.36" "site.kooldawgtees.com"
134.160.184.6 - - [12/Nov/2022:07:49:35 -0800] "GET /yswimages/highlands-bed.jpg HTTP/1.1" 200 100692 "-" "Mozilla/5.0 (X11; Ubuntu; Linux x86_64; rv:72.0) Gecko/20100101 Firefox/72.0" "site.kooldawgtees.com"
20.29.110.169 - - [12/Nov/2022:07:59:20 -0800] "GET /yswimages/peccza570blk.jpg HTTP/1.1" 200 68802 "http://site.kooldawgtees.com/yswimages" "Mozilla/5.0 (iPhone; CPU iPhone OS 13_5_1 like Mac OS X) AppleWebKit/605.1.15 (KHTML, like Gecko) Version/13.1.1 Mobile/15E148 Safari/604.1" "site.kooldawgtees.com"
54.189.246.46 - - [12/Nov/2022:08:07:23 -0800] "GET /yswimages/dog-clothes-ty-monkey-business-dog-jackets.jpg HTTP/1.1" 200 59018 "-" "Mozilla/5.0 (X11; Ubuntu; Linux x86_64; rv:72.0) Gecko/20100101 Firefox/72.0" "site.kooldawgtees.com"
13.67.224.13 - - [12/Nov/2022:08:20:14 -0800] "GET /yswimages/wooftmc044225.jpg HTTP/1.1" 200 7586 "http://site.kooldawgtees.com/yswimages" "Mozilla/5.0 (Windows NT 10.0; Win64; x64) AppleWebKit/537.36 (KHTML, like Gecko) Chrome/74.0.3729.157 Safari/537.36" "site.kooldawgtees.com"
34.94.89.167 - - [12/Nov/2022:08:22:30 -0800] "GET /yswimages/lat3902-3xdoggie-tank.jpg HTTP/1.1" 200 6110 "-" "Mozilla/5.0 (X11; Ubuntu; Linux x86_64; rv:72.0) Gecko/20100101 Firefox/72.0" "site.kooldawgtees.com"
59.110.156.203 - - [12/Nov/2022:08:51:09 -0800] "GET /yswimages/peccza630.jpg HTTP/1.1" 200 8941 "-" "Mozilla/5.0 (Macintosh; Intel Mac OS X 10_15_7) AppleWebKit/537.36 (KHTML, like Gecko) Chrome/105.0.0.0 Safari/537.36" "site.kooldawgtees.com"
39.105.9.241 - - [12/Nov/2022:09:06:32 -0800] "GET /yswimages/ruffweark9overcoatredcur.jpg HTTP/1.1" 200 173217 "-" "Mozilla/5.0 (Macintosh; Intel Mac OS X 10_15_7) AppleWebKit/537.36 (KHTML, like Gecko) Chrome/105.0.0.0 Safari/537.36" "site.kooldawgtees.com"
34.94.89.167 - - [12/Nov/2022:10:39:58 -0800] "GET /yswimages/doggles.jpg HTTP/1.1" 200 50040 "-" "Mozilla/5.0 (X11; Ubuntu; Linux x86_64; rv:72.0) Gecko/20100101 Firefox/72.0" "site.kooldawgtees.com"
40.122.230.189 - - [12/Nov/2022:10:54:31 -0800] "GET /yswimages/woofjewlasu024023.jpg HTTP/1.1" 200 13126 "http://site.kooldawgtees.com/yswimages" "Mozilla/5.0 (X11; Linux x86_64) AppleWebKit/537.36 (KHTML, like Gecko) Chrome/74.0.3729.169 Safari/537.36" "site.kooldawgtees.com"
99.42.123.205 - - [12/Nov/2022:11:06:22 -0800] "GET /yswimages/doggles-pcmh.jpg HTTP/1.1" 200 16660 "-" "Mozilla/5.0 (X11; Ubuntu; Linux x86_64; rv:72.0) Gecko/20100101 Firefox/72.0" "site.kooldawgtees.com"
54.189.246.46 - - [12/Nov/2022:11:23:32 -0800] "GET /yswimages/pecczw530.jpg HTTP/1.1" 200 11593 "-" "Mozilla/5.0 (X11; Ubuntu; Linux x86_64; rv:72.0) Gecko/20100101 Firefox/72.0" "site.kooldawgtees.com"
114.119.133.98 - - [12/Nov/2022:11:57:43 -0800] "GET /applets?C=M%3BO%3DA HTTP/1.1" 301 1424 "http://site.kooldawgtees.com/applets?C=D%3BO%3DA" "Mozilla/5.0 (compatible;PetalBot;+https://webmaster.petalsearch.com/site/petalbot)" "site.kooldawgtees.com"
114.119.133.98 - - [12/Nov/2022:11:57:44 -0800] "GET /applets/?C=M%3BO%3DA HTTP/1.1" 200 313 "http://site.kooldawgtees.com/applets?C=D%3BO%3DA" "Mozilla/5.0 (compatible;PetalBot;+https://webmaster.petalsearch.com/site/petalbot)" "site.kooldawgtees.com"
39.105.9.241 - - [12/Nov/2022:11:58:21 -0800] "GET /yswimages/zzus103.jpg HTTP/1.1" 200 59100 "-" "Mozilla/5.0 (Macintosh; Intel Mac OS X 10_15_7) AppleWebKit/537.36 (KHTML, like Gecko) Chrome/105.0.0.0 Safari/537.36" "site.kooldawgtees.com"
39.107.245.46 - - [12/Nov/2022:11:58:46 -0800] "GET /yswimages/pecczw187.jpg HTTP/1.1" 200 72899 "-" "Mozilla/5.0 (Macintosh; Intel Mac OS X 10_15_7) AppleWebKit/537.36 (KHTML, like Gecko) Chrome/105.0.0.0 Safari/537.36" "site.kooldawgtees.com"
114.119.133.89 - - [12/Nov/2022:12:14:24 -0800] "GET /clipart/buttons/blank/ HTTP/1.1" 200 470 "http://site.kooldawgtees.com/clipart/buttons?C=N%3BO%3DD" "Mozilla/5.0 (compatible;PetalBot;+https://webmaster.petalsearch.com/site/petalbot)" "site.kooldawgtees.com"
34.94.89.167 - - [12/Nov/2022:12:19:26 -0800] "GET /yswimages/pecczw9413.jpg HTTP/1.1" 200 24921 "-" "Mozilla/5.0 (X11; Ubuntu; Linux x86_64; rv:72.0) Gecko/20100101 Firefox/72.0" "site.kooldawgtees.com"
114.119.133.85 - - [12/Nov/2022:12:31:55 -0800] "GET /SEHI/applets/ HTTP/1.1" 200 374 "http://site.kooldawgtees.com/SEHI/?C=N%3BO%3DD" "Mozilla/5.0 (compatible;PetalBot;+https://webmaster.petalsearch.com/site/petalbot)" "site.kooldawgtees.com"
114.119.134.116 - - [12/Nov/2022:12:39:14 -0800] "GET /clipart/lines/vertical/?C=S%3BO%3DA HTTP/1.1" 200 589 "http://site.kooldawgtees.com/clipart/lines/vertical?C=S%3BO%3DA" "Mozilla/5.0 (compatible;PetalBot;+https://webmaster.petalsearch.com/site/petalbot)" "site.kooldawgtees.com"
114.119.151.83 - - [12/Nov/2022:12:52:31 -0800] "GET /robots.txt HTTP/1.1" 200 59 "-" "Mozilla/5.0 (compatible;PetalBot;+https://webmaster.petalsearch.com/site/petalbot)" "site.kooldawgtees.com"
106.52.131.116 - - [12/Nov/2022:13:11:23 -0800] "GET /yswimages/ruffweartrackjacket-blzeornge.jpg HTTP/1.1" 200 381896 "-" "Mozilla/5.0 (X11; Ubuntu; Linux x86_64; rv:72.0) Gecko/20100101 Firefox/72.0" "site.kooldawgtees.com"
114.119.133.87 - - [12/Nov/2022:13:16:22 -0800] "GET /images/pre05fidtuspur.html HTTP/1.1" 200 6744 "http://site.kooldawgtees.com/images?C=D%3BO%3DA" "Mozilla/5.0 (compatible;PetalBot;+https://webmaster.petalsearch.com/site/petalbot)" "site.kooldawgtees.com"
134.160.184.6 - - [12/Nov/2022:13:24:40 -0800] "GET /yswimages/peccza630.jpg HTTP/1.1" 200 8941 "-" "Mozilla/5.0 (X11; Ubuntu; Linux x86_64; rv:72.0) Gecko/20100101 Firefox/72.0" "site.kooldawgtees.com"
114.119.133.85 - - [12/Nov/2022:14:11:57 -0800] "GET /clipart/buttons/themes/elegant_blue HTTP/1.1" 301 1433 "http://site.kooldawgtees.com/clipart/buttons/themes?C=N%3BO%3DD" "Mozilla/5.0 (compatible;PetalBot;+https://webmaster.petalsearch.com/site/petalbot)" "site.kooldawgtees.com"
114.119.133.85 - - [12/Nov/2022:14:11:57 -0800] "GET /clipart/buttons/themes/elegant_blue/ HTTP/1.1" 200 383 "http://site.kooldawgtees.com/clipart/buttons/themes?C=N%3BO%3DD" "Mozilla/5.0 (compatible;PetalBot;+https://webmaster.petalsearch.com/site/petalbot)" "site.kooldawgtees.com"
114.119.133.98 - - [12/Nov/2022:14:42:32 -0800] "GET /clipart/buttons/themes/tripledot_red/?C=S%3BO%3DA HTTP/1.1" 200 426 "http://site.kooldawgtees.com/clipart/buttons/themes/tripledot_red/?C=N%3BO%3DD" "Mozilla/5.0 (compatible;PetalBot;+https://webmaster.petalsearch.com/site/petalbot)" "site.kooldawgtees.com"
54.189.246.46 - - [12/Nov/2022:15:08:44 -0800] "GET /yswimages/pecczw275.jpg HTTP/1.1" 200 18474 "-" "Mozilla/5.0 (X11; Ubuntu; Linux x86_64; rv:72.0) Gecko/20100101 Firefox/72.0" "site.kooldawgtees.com"
34.94.89.167 - - [12/Nov/2022:15:20:48 -0800] "GET /yswimages/pecczw588.jpg HTTP/1.1" 200 12973 "-" "Mozilla/5.0 (X11; Ubuntu; Linux x86_64; rv:72.0) Gecko/20100101 Firefox/72.0" "site.kooldawgtees.com"
114.119.134.1 - - [12/Nov/2022:15:39:21 -0800] "GET /html HTTP/1.1" 301 1408 "http://site.kooldawgtees.com/?C=M%3BO%3DA" "Mozilla/5.0 (compatible;PetalBot;+https://webmaster.petalsearch.com/site/petalbot)" "site.kooldawgtees.com"
114.119.134.1 - - [12/Nov/2022:15:39:21 -0800] "GET /html/ HTTP/1.1" 200 308 "http://site.kooldawgtees.com/?C=M%3BO%3DA" "Mozilla/5.0 (compatible;PetalBot;+https://webmaster.petalsearch.com/site/petalbot)" "site.kooldawgtees.com"
114.119.134.1 - - [12/Nov/2022:15:55:44 -0800] "GET /clipart/bullets/?C=D%3BO%3DA HTTP/1.1" 200 507 "http://site.kooldawgtees.com/clipart/bullets?C=N%3BO%3DD" "Mozilla/5.0 (compatible;PetalBot;+https://webmaster.petalsearch.com/site/petalbot)" "site.kooldawgtees.com"
213.202.230.56 - - [12/Nov/2022:17:52:04 -0800] "GET /yswimages/pecczw530.jpg HTTP/1.1" 200 11593 "-" "Mozilla/5.0 (X11; Ubuntu; Linux x86_64; rv:72.0) Gecko/20100101 Firefox/72.0" "site.kooldawgtees.com"
122.116.249.16 - - [12/Nov/2022:18:01:53 -0800] "GET /yswimages/pecczw38427.jpg HTTP/1.1" 200 46552 "-" "Mozilla/5.0 (X11; Ubuntu; Linux x86_64; rv:72.0) Gecko/20100101 Firefox/72.0" "site.kooldawgtees.com"
43.130.59.85 - - [12/Nov/2022:18:52:18 -0800] "GET /yswimages/dog-clothes-monkey-business-dog-hoodie.jpg HTTP/1.1" 200 58741 "-" "Mozilla/5.0 (X11; Ubuntu; Linux x86_64; rv:72.0) Gecko/20100101 Firefox/72.0" "site.kooldawgtees.com"
34.94.89.167 - - [12/Nov/2022:19:03:05 -0800] "GET /yswimages/mlbdtclevelandindians1597.jpg HTTP/1.1" 200 50977 "-" "Mozilla/5.0 (X11; Ubuntu; Linux x86_64; rv:72.0) Gecko/20100101 Firefox/72.0" "site.kooldawgtees.com"
122.116.249.16 - - [12/Nov/2022:19:05:10 -0800] "GET /yswimages/doggles-pcmd.jpg HTTP/1.1" 200 17282 "-" "Mozilla/5.0 (X11; Ubuntu; Linux x86_64; rv:72.0) Gecko/20100101 Firefox/72.0" "site.kooldawgtees.com"
39.107.245.46 - - [12/Nov/2022:19:08:51 -0800] "GET /yswimages/flophouse-foam-pad.jpg HTTP/1.1" 200 153512 "-" "Mozilla/5.0 (Macintosh; Intel Mac OS X 10_15_7) AppleWebKit/537.36 (KHTML, like Gecko) Chrome/105.0.0.0 Safari/537.36" "site.kooldawgtees.com"
114.119.134.116 - - [12/Nov/2022:20:22:17 -0800] "GET /SEHI/applets?C=M%3BO%3DA HTTP/1.1" 301 1430 "http://site.kooldawgtees.com/SEHI/applets?C=S%3BO%3DA" "Mozilla/5.0 (compatible;PetalBot;+https://webmaster.petalsearch.com/site/petalbot)" "site.kooldawgtees.com"
114.119.134.116 - - [12/Nov/2022:20:22:17 -0800] "GET /SEHI/applets/?C=M%3BO%3DA HTTP/1.1" 200 374 "http://site.kooldawgtees.com/SEHI/applets?C=S%3BO%3DA" "Mozilla/5.0 (compatible;PetalBot;+https://webmaster.petalsearch.com/site/petalbot)" "site.kooldawgtees.com"
114.119.133.85 - - [12/Nov/2022:20:53:34 -0800] "GET /clipart/buttons/blank/?C=M%3BO%3DA HTTP/1.1" 200 470 "http://site.kooldawgtees.com/clipart/buttons/blank/?C=N%3BO%3DD" "Mozilla/5.0 (compatible;PetalBot;+https://webmaster.petalsearch.com/site/petalbot)" "site.kooldawgtees.com"
114.119.133.85 - - [12/Nov/2022:20:55:31 -0800] "GET /clipart/backgrounds/tile/?C=D%3BO%3DA HTTP/1.1" 200 329 "http://site.kooldawgtees.com/clipart/backgrounds/tile?C=N%3BO%3DD" "Mozilla/5.0 (compatible;PetalBot;+https://webmaster.petalsearch.com/site/petalbot)" "site.kooldawgtees.com"
50.236.177.202 - - [12/Nov/2022:21:31:03 -0800] "GET /yswimages/premierpetrab.jpg HTTP/1.1" 200 5003 "-" "Mozilla/5.0 (X11; Ubuntu; Linux x86_64; rv:72.0) Gecko/20100101 Firefox/72.0" "site.kooldawgtees.com"
114.119.133.98 - - [12/Nov/2022:21:59:05 -0800] "GET /sitebuilder/images/?C=S%3BO%3DA HTTP/1.1" 200 323 "http://site.kooldawgtees.com/sitebuilder/images?C=D%3BO%3DA" "Mozilla/5.0 (compatible;PetalBot;+https://webmaster.petalsearch.com/site/petalbot)" "site.kooldawgtees.com"
39.105.9.241 - - [12/Nov/2022:22:16:57 -0800] "GET /yswimages/nflds1717.jpg HTTP/1.1" 200 48861 "-" "Mozilla/5.0 (Macintosh; Intel Mac OS X 10_15_7) AppleWebKit/537.36 (KHTML, like Gecko) Chrome/105.0.0.0 Safari/537.36" "site.kooldawgtees.com"
114.119.133.87 - - [12/Nov/2022:22:42:20 -0800] "GET /ssl/?C=M%3BO%3DA HTTP/1.1" 302 1435 "https://site.kooldawgtees.com/ssl/?C=N%3BO%3DD" "Mozilla/5.0 (compatible;PetalBot;+https://webmaster.petalsearch.com/site/petalbot)" "site.kooldawgtees.com"
114.119.133.85 - - [12/Nov/2022:23:15:16 -0800] "GET /sitebuilder/applets/?C=N%3BO%3DD HTTP/1.1" 200 378 "http://site.kooldawgtees.com/sitebuilder/applets?C=S%3BO%3DA" "Mozilla/5.0 (compatible;PetalBot;+https://webmaster.petalsearch.com/site/petalbot)" "site.kooldawgtees.com"
114.119.133.87 - - [12/Nov/2022:23:23:00 -0800] "GET /navigation_bars/ HTTP/1.1" 200 678 "http://site.kooldawgtees.com/" "Mozilla/5.0 (compatible;PetalBot;+https://webmaster.petalsearch.com/site/petalbot)" "site.kooldawgtees.com"
114.119.133.89 - - [12/Nov/2022:23:29:38 -0800] "GET /clipart/buttons/paypal/buy_now/?C=D%3BO%3DA HTTP/1.1" 200 405 "http://site.kooldawgtees.com/clipart/buttons/paypal/buy_now/" "Mozilla/5.0 (compatible;PetalBot;+https://webmaster.petalsearch.com/site/petalbot)" "site.kooldawgtees.com"
171.66.10.2 - - [12/Nov/2022:23:39:42 -0800] "GET /yswimages/pecczw187.jpg HTTP/1.1" 200 72899 "-" "Mozilla/5.0 (X11; Ubuntu; Linux x86_64; rv:72.0) Gecko/20100101 Firefox/72.0" "site.kooldawgtees.com"
114.119.133.98 - - [12/Nov/2022:23:40:47 -0800] "GET /scripts/ HTTP/1.1" 200 382 "http://site.kooldawgtees.com/" "Mozilla/5.0 (compatible;PetalBot;+https://webmaster.petalsearch.com/site/petalbot)" "site.kooldawgtees.com"
39.96.181.147 - - [13/Nov/2022:00:21:34 -0800] "GET /yswimages/mlbdtclevelandindians1597.jpg HTTP/1.1" 200 50977 "-" "Mozilla/5.0 (Macintosh; Intel Mac OS X 10_15_7) AppleWebKit/537.36 (KHTML, like Gecko) Chrome/105.0.0.0 Safari/537.36" "site.kooldawgtees.com"
171.66.10.2 - - [13/Nov/2022:01:02:27 -0800] "GET /yswimages/bfasqsc.jpg HTTP/1.1" 200 15719 "-" "Mozilla/5.0 (X11; Ubuntu; Linux x86_64; rv:72.0) Gecko/20100101 Firefox/72.0" "site.kooldawgtees.com"
50.236.177.202 - - [13/Nov/2022:01:50:32 -0800] "GET /yswimages/pecczw275.jpg HTTP/1.1" 200 18474 "-" "Mozilla/5.0 (X11; Ubuntu; Linux x86_64; rv:72.0) Gecko/20100101 Firefox/72.0" "site.kooldawgtees.com"
114.119.133.87 - - [13/Nov/2022:01:56:44 -0800] "GET /sitebuilder/images HTTP/1.1" 301 1417 "http://site.kooldawgtees.com/sitebuilder?C=S%3BO%3DA" "Mozilla/5.0 (compatible;PetalBot;+https://webmaster.petalsearch.com/site/petalbot)" "site.kooldawgtees.com"
114.119.133.87 - - [13/Nov/2022:01:56:50 -0800] "GET /sitebuilder/images/ HTTP/1.1" 200 323 "http://site.kooldawgtees.com/sitebuilder?C=S%3BO%3DA" "Mozilla/5.0 (compatible;PetalBot;+https://webmaster.petalsearch.com/site/petalbot)" "site.kooldawgtees.com"
78.60.206.195 - - [13/Nov/2022:03:07:34 -0800] "GET /yswimages/lat3902-3xdoggie-tank.jpg HTTP/1.1" 200 6110 "-" "Mozilla/5.0 (X11; Ubuntu; Linux x86_64; rv:72.0) Gecko/20100101 Firefox/72.0" "site.kooldawgtees.com"
34.94.89.167 - - [13/Nov/2022:03:38:37 -0800] "GET /yswimages/pecczw38427.jpg HTTP/1.1" 200 46552 "-" "Mozilla/5.0 (X11; Ubuntu; Linux x86_64; rv:72.0) Gecko/20100101 Firefox/72.0" "site.kooldawgtees.com"
39.96.181.147 - - [13/Nov/2022:04:01:12 -0800] "GET /yswimages/doggles-pcmd.jpg HTTP/1.1" 200 17282 "-" "Mozilla/5.0 (Macintosh; Intel Mac OS X 10_15_7) AppleWebKit/537.36 (KHTML, like Gecko) Chrome/105.0.0.0 Safari/537.36" "site.kooldawgtees.com"
134.160.184.6 - - [13/Nov/2022:04:44:47 -0800] "GET /yswimages/mlbvdjac1305.jpg HTTP/1.1" 200 36353 "-" "Mozilla/5.0 (X11; Ubuntu; Linux x86_64; rv:72.0) Gecko/20100101 Firefox/72.0" "site.kooldawgtees.com"
34.94.89.167 - - [13/Nov/2022:05:00:28 -0800] "GET /yswimages/nfldj335.jpg HTTP/1.1" 200 41883 "-" "Mozilla/5.0 (X11; Ubuntu; Linux x86_64; rv:72.0) Gecko/20100101 Firefox/72.0" "site.kooldawgtees.com"
